Last updated on 2025-05-08 09:54:01 CEST.
Flavor | Version | Tinstall | Tcheck | Ttotal | Status | Flags |
---|---|---|---|---|---|---|
r-devel-linux-x86_64-debian-clang | 1.1-1.0 | 8.26 | 78.03 | 86.29 | NOTE | |
r-devel-linux-x86_64-debian-gcc | 1.1-1.0 | 6.02 | 58.84 | 64.86 | NOTE | |
r-devel-linux-x86_64-fedora-clang | 1.1-1.0 | 146.80 | NOTE | |||
r-devel-linux-x86_64-fedora-gcc | 1.1-1.0 | 146.26 | NOTE | |||
r-devel-windows-x86_64 | 1.1-1.0 | 9.00 | 107.00 | 116.00 | NOTE | |
r-patched-linux-x86_64 | 1.1-1.0 | 8.28 | 75.30 | 83.58 | NOTE | |
r-release-linux-x86_64 | 1.1-1.0 | 6.73 | 75.39 | 82.12 | NOTE | |
r-release-macos-arm64 | 1.1-1.0 | 51.00 | NOTE | |||
r-release-macos-x86_64 | 1.1-1.0 | 114.00 | NOTE | |||
r-release-windows-x86_64 | 1.1-1.0 | 9.00 | 109.00 | 118.00 | NOTE | |
r-oldrel-macos-arm64 | 1.1-1.0 | 44.00 | NOTE | |||
r-oldrel-macos-x86_64 | 1.1-1.0 | 70.00 | NOTE | |||
r-oldrel-windows-x86_64 | 1.1-1.0 | 11.00 | 123.00 | 134.00 | NOTE |
Version: 1.1-1.0
Check: CRAN incoming feasibility
Result: NOTE
Maintainer: ‘Michael P. Fay <mfay@niaid.nih.gov>’
No Authors@R field in DESCRIPTION.
Please add one, modifying
Authors@R: person(given = c("Michael", "P."),
family = "Fay",
role = c("aut", "cre"),
email = "mfay@niaid.nih.gov")
as necessary.
Flavors: r-devel-linux-x86_64-debian-clang, r-devel-linux-x86_64-debian-gcc
Version: 1.1-1.0
Check: Rd files
Result: NOTE
checkRd: (-1) interval-internal.Rd:40: Lost braces
40 | \item{dqfunc}{function, density of the results of the quantile function, e.g., function(x){dnorm(qnorm(x))} (used for 'general' scores,
| ^
Flavors: r-devel-linux-x86_64-debian-clang, r-devel-linux-x86_64-debian-gcc, r-devel-linux-x86_64-fedora-clang, r-devel-linux-x86_64-fedora-gcc, r-devel-windows-x86_64, r-patched-linux-x86_64, r-release-linux-x86_64, r-release-macos-arm64, r-release-macos-x86_64, r-release-windows-x86_64, r-oldrel-macos-arm64, r-oldrel-macos-x86_64, r-oldrel-windows-x86_64