Last updated on 2025-02-11 09:48:27 CET.
Flavor | Version | Tinstall | Tcheck | Ttotal | Status | Flags |
---|---|---|---|---|---|---|
r-devel-linux-x86_64-debian-clang | 1.0 | 1.48 | 16.32 | 17.80 | NOTE | |
r-devel-linux-x86_64-debian-gcc | 1.0 | 1.04 | 13.47 | 14.51 | NOTE | |
r-devel-linux-x86_64-fedora-clang | 1.0 | 28.85 | NOTE | |||
r-devel-linux-x86_64-fedora-gcc | 1.0 | 27.61 | NOTE | |||
r-devel-windows-x86_64 | 1.0 | 2.00 | 37.00 | 39.00 | NOTE | |
r-patched-linux-x86_64 | 1.0 | 1.74 | 16.22 | 17.96 | NOTE | |
r-release-linux-x86_64 | 1.0 | 1.43 | 15.78 | 17.21 | NOTE | |
r-release-macos-arm64 | 1.0 | 13.00 | NOTE | |||
r-release-macos-x86_64 | 1.0 | 26.00 | NOTE | |||
r-release-windows-x86_64 | 1.0 | 2.00 | 38.00 | 40.00 | NOTE | |
r-oldrel-macos-arm64 | 1.0 | 18.00 | NOTE | |||
r-oldrel-macos-x86_64 | 1.0 | 18.00 | NOTE | |||
r-oldrel-windows-x86_64 | 1.0 | 2.00 | 37.00 | 39.00 | NOTE |
Version: 1.0
Check: DESCRIPTION meta-information
Result: NOTE
Malformed Title field: should not end in a period.
Flavors: r-devel-linux-x86_64-debian-clang, r-devel-linux-x86_64-debian-gcc, r-devel-linux-x86_64-fedora-clang, r-devel-linux-x86_64-fedora-gcc, r-devel-windows-x86_64, r-patched-linux-x86_64, r-release-linux-x86_64, r-release-macos-arm64, r-release-macos-x86_64, r-release-windows-x86_64, r-oldrel-macos-arm64, r-oldrel-macos-x86_64, r-oldrel-windows-x86_64