CRAN Package Check Results for Package infotheo

Last updated on 2025-02-19 09:50:51 CET.

Flavor Version Tinstall Tcheck Ttotal Status Flags
r-devel-linux-x86_64-debian-clang 1.2.0.1 5.08 17.70 22.78 OK
r-devel-linux-x86_64-debian-gcc 1.2.0.1 3.74 14.25 17.99 OK
r-devel-linux-x86_64-fedora-clang 1.2.0.1 39.84 NOTE
r-devel-linux-x86_64-fedora-gcc 1.2.0.1 35.47 NOTE
r-devel-macos-arm64 1.2.0.1 17.00 OK
r-devel-macos-x86_64 1.2.0.1 30.00 OK
r-devel-windows-x86_64 1.2.0.1 7.00 48.00 55.00 OK
r-patched-linux-x86_64 1.2.0.1 5.06 16.92 21.98 OK
r-release-linux-x86_64 1.2.0.1 4.55 16.74 21.29 OK
r-release-macos-arm64 1.2.0.1 22.00 OK
r-release-macos-x86_64 1.2.0.1 25.00 OK
r-release-windows-x86_64 1.2.0.1 7.00 48.00 55.00 OK
r-oldrel-macos-arm64 1.2.0.1 18.00 OK
r-oldrel-macos-x86_64 1.2.0.1 24.00 OK
r-oldrel-windows-x86_64 1.2.0.1 8.00 64.00 72.00 OK

Check Details

Version: 1.2.0.1
Check: compiled code
Result: NOTE File ‘infotheo/libs/infotheo.so’: Found no calls to: ‘R_registerRoutines’, ‘R_useDynamicSymbols’ It is good practice to register native routines and to disable symbol search. See ‘Writing portable packages’ in the ‘Writing R Extensions’ manual. Flavors: r-devel-linux-x86_64-fedora-clang, r-devel-linux-x86_64-fedora-gcc