CRAN Package Check Results for Package image.ContourDetector

Last updated on 2025-04-15 09:52:23 CEST.

Flavor Version Tinstall Tcheck Ttotal Status Flags
r-devel-linux-x86_64-debian-clang 0.1.1 11.30 49.12 60.42 NOTE
r-devel-linux-x86_64-debian-gcc 0.1.1 8.67 35.06 43.73 NOTE
r-devel-linux-x86_64-fedora-clang 0.1.1 100.51 NOTE
r-devel-linux-x86_64-fedora-gcc 0.1.1 96.27 NOTE
r-devel-windows-x86_64 0.1.1 15.00 84.00 99.00 NOTE
r-patched-linux-x86_64 0.1.1 10.62 46.62 57.24 NOTE
r-release-linux-x86_64 0.1.1 10.24 46.89 57.13 NOTE
r-release-macos-arm64 0.1.1 31.00 NOTE
r-release-macos-x86_64 0.1.1 57.00 NOTE
r-release-windows-x86_64 0.1.1 17.00 79.00 96.00 NOTE
r-oldrel-macos-arm64 0.1.1 30.00 NOTE
r-oldrel-macos-x86_64 0.1.1 53.00 NOTE
r-oldrel-windows-x86_64 0.1.1 19.00 99.00 118.00 NOTE

Check Details

Version: 0.1.1
Check: Rd files
Result: NOTE checkRd: (-1) image_contour_detector.Rd:19: Lost braces in \itemize; \value handles \item{}{} directly checkRd: (-1) image_contour_detector.Rd:20: Lost braces in \itemize; \value handles \item{}{} directly checkRd: (-1) image_contour_detector.Rd:21: Lost braces in \itemize; \value handles \item{}{} directly Flavors: r-devel-linux-x86_64-debian-clang, r-devel-linux-x86_64-debian-gcc, r-devel-linux-x86_64-fedora-clang, r-devel-linux-x86_64-fedora-gcc, r-devel-windows-x86_64, r-patched-linux-x86_64, r-release-linux-x86_64, r-release-macos-arm64, r-release-macos-x86_64, r-release-windows-x86_64, r-oldrel-macos-arm64, r-oldrel-macos-x86_64, r-oldrel-windows-x86_64