Last updated on 2025-05-09 09:51:44 CEST.
Flavor | Version | Tinstall | Tcheck | Ttotal | Status | Flags |
---|---|---|---|---|---|---|
r-devel-linux-x86_64-debian-clang | 1.0.4 | 4.68 | 54.31 | 58.99 | NOTE | |
r-devel-linux-x86_64-debian-gcc | 1.0.4 | 3.33 | 37.73 | 41.06 | NOTE | |
r-devel-linux-x86_64-fedora-clang | 1.0.4 | 95.10 | OK | |||
r-devel-linux-x86_64-fedora-gcc | 1.0.4 | 92.28 | OK | |||
r-devel-windows-x86_64 | 1.0.4 | 7.00 | 69.00 | 76.00 | OK | |
r-patched-linux-x86_64 | 1.0.4 | 4.60 | 52.19 | 56.79 | OK | |
r-release-linux-x86_64 | 1.0.4 | 4.30 | 52.69 | 56.99 | OK | |
r-release-macos-arm64 | 1.0.4 | 34.00 | OK | |||
r-release-macos-x86_64 | 1.0.4 | 47.00 | OK | |||
r-release-windows-x86_64 | 1.0.4 | 7.00 | 70.00 | 77.00 | OK | |
r-oldrel-macos-arm64 | 1.0.4 | 26.00 | OK | |||
r-oldrel-macos-x86_64 | 1.0.4 | 40.00 | OK | |||
r-oldrel-windows-x86_64 | 1.0.4 | 8.00 | 85.00 | 93.00 | OK |
Version: 1.0.4
Check: CRAN incoming feasibility
Result: NOTE
Maintainer: ‘Caleb A. Class <cclass@butler.edu>’
No Authors@R field in DESCRIPTION.
Please add one, modifying
Authors@R: c(person(given = c("Caleb", "A."),
family = "Class",
role = c("aut", "cre"),
email = "cclass@butler.edu"),
person(given = c("Min", "Jin"),
family = "Ha",
role = "aut",
email = "mjha@mdanderson.org"))
as necessary.
Package CITATION file contains call(s) to old-style personList() or
as.personList(). Please use c() on person objects instead.
Package CITATION file contains call(s) to old-style citEntry(). Please
use bibentry() instead.
Flavors: r-devel-linux-x86_64-debian-clang, r-devel-linux-x86_64-debian-gcc