Last updated on 2025-05-08 09:54:01 CEST.
Flavor | Version | Tinstall | Tcheck | Ttotal | Status | Flags |
---|---|---|---|---|---|---|
r-devel-linux-x86_64-debian-clang | 1.5 | 11.35 | 86.98 | 98.33 | NOTE | |
r-devel-linux-x86_64-debian-gcc | 1.5 | 9.08 | 66.97 | 76.05 | NOTE | |
r-devel-linux-x86_64-fedora-clang | 1.5 | 155.97 | OK | |||
r-devel-linux-x86_64-fedora-gcc | 1.5 | 151.72 | OK | |||
r-devel-windows-x86_64 | 1.5 | 15.00 | 92.00 | 107.00 | OK | |
r-patched-linux-x86_64 | 1.5 | 10.82 | 83.08 | 93.90 | OK | |
r-release-linux-x86_64 | 1.5 | 10.87 | 83.29 | 94.16 | OK | |
r-release-macos-arm64 | 1.5 | 68.00 | OK | |||
r-release-macos-x86_64 | 1.5 | 99.00 | OK | |||
r-release-windows-x86_64 | 1.5 | 13.00 | 92.00 | 105.00 | OK | |
r-oldrel-macos-arm64 | 1.5 | 55.00 | OK | |||
r-oldrel-macos-x86_64 | 1.5 | 72.00 | OK | |||
r-oldrel-windows-x86_64 | 1.5 | 16.00 | 114.00 | 130.00 | OK |
Version: 1.5
Check: CRAN incoming feasibility
Result: NOTE
Maintainer: ‘Ho Tsung-wu <tsungwu@ntnu.edu.tw>’
No Authors@R field in DESCRIPTION.
Please add one, modifying
Authors@R: person(given = "Ho",
family = "Tsung-wu",
role = c("aut", "cre"),
email = "tsungwu@ntnu.edu.tw")
as necessary.
Flavors: r-devel-linux-x86_64-debian-clang, r-devel-linux-x86_64-debian-gcc