Last updated on 2025-05-08 09:54:01 CEST.
Flavor | Version | Tinstall | Tcheck | Ttotal | Status | Flags |
---|---|---|---|---|---|---|
r-devel-linux-x86_64-debian-clang | 0.2.1 | 9.17 | 55.32 | 64.49 | NOTE | |
r-devel-linux-x86_64-debian-gcc | 0.2.1 | 5.91 | 40.16 | 46.07 | NOTE | |
r-devel-linux-x86_64-fedora-clang | 0.2.1 | 89.04 | OK | |||
r-devel-linux-x86_64-fedora-gcc | 0.2.1 | 94.74 | OK | |||
r-devel-windows-x86_64 | 0.2.1 | 9.00 | 71.00 | 80.00 | OK | |
r-patched-linux-x86_64 | 0.2.1 | 7.99 | 51.29 | 59.28 | OK | |
r-release-linux-x86_64 | 0.2.1 | 6.02 | 51.98 | 58.00 | OK | |
r-release-macos-arm64 | 0.2.1 | 29.00 | OK | |||
r-release-macos-x86_64 | 0.2.1 | 54.00 | OK | |||
r-release-windows-x86_64 | 0.2.1 | 10.00 | 71.00 | 81.00 | OK | |
r-oldrel-macos-arm64 | 0.2.1 | 35.00 | OK | |||
r-oldrel-macos-x86_64 | 0.2.1 | 44.00 | OK | |||
r-oldrel-windows-x86_64 | 0.2.1 | 14.00 | 85.00 | 99.00 | OK |
Version: 0.2.1
Check: CRAN incoming feasibility
Result: NOTE
Maintainer: ‘Michael Scholz <michael.scholz@th-deg.de>’
No Authors@R field in DESCRIPTION.
Please add one, modifying
Authors@R: person(given = "Michael",
family = "Scholz",
role = c("aut", "cre"),
email = "michael.scholz@th-deg.de")
as necessary.
Flavors: r-devel-linux-x86_64-debian-clang, r-devel-linux-x86_64-debian-gcc