Last updated on 2025-02-06 09:52:31 CET.
Flavor | Version | Tinstall | Tcheck | Ttotal | Status | Flags |
---|---|---|---|---|---|---|
r-devel-linux-x86_64-debian-clang | 1.1.0 | 10.38 | 197.53 | 207.91 | NOTE | |
r-devel-linux-x86_64-debian-gcc | 1.1.0 | 6.91 | 132.81 | 139.72 | NOTE | |
r-devel-linux-x86_64-fedora-clang | 1.1.0 | 316.54 | NOTE | |||
r-devel-linux-x86_64-fedora-gcc | 1.1.0 | 311.31 | NOTE | |||
r-devel-windows-x86_64 | 1.1.0 | 12.00 | 156.00 | 168.00 | NOTE | |
r-patched-linux-x86_64 | 1.1.0 | 8.77 | 180.89 | 189.66 | OK | |
r-release-linux-x86_64 | 1.1.0 | 9.23 | 178.64 | 187.87 | OK | |
r-release-macos-arm64 | 1.1.0 | 97.00 | OK | |||
r-release-macos-x86_64 | 1.1.0 | 176.00 | OK | |||
r-release-windows-x86_64 | 1.1.0 | 12.00 | 151.00 | 163.00 | OK | |
r-oldrel-macos-arm64 | 1.1.0 | 87.00 | OK | |||
r-oldrel-macos-x86_64 | 1.1.0 | 167.00 | OK | |||
r-oldrel-windows-x86_64 | 1.1.0 | 13.00 | 193.00 | 206.00 | OK |
Version: 1.1.0
Check: DESCRIPTION meta-information
Result: NOTE
Missing dependency on R >= 4.1.0 because package code uses the pipe
|> or function shorthand \(...) syntax added in R 4.1.0.
File(s) using such syntax:
‘add_divergence.R’ ‘add_levelpaths.R’ ‘add_pfafstetter.R’
‘add_streamorder-level.R’ ‘add_toids.R’ ‘disambiguate.R’
‘get_hydro_location.R’ ‘index_points_to_lines.R’
‘make_attribute_topology.R’ ‘make_index_ids.R’ ‘make_node_topology.R’
‘navigate_connected_paths.R’ ‘navigation_network.R’ ‘sort_network.R’
‘to_flownetwork.R’ ‘utils.R’
Flavors: r-devel-linux-x86_64-debian-clang, r-devel-linux-x86_64-debian-gcc, r-devel-linux-x86_64-fedora-clang, r-devel-linux-x86_64-fedora-gcc, r-devel-windows-x86_64