Last updated on 2025-02-18 09:50:39 CET.
Flavor | Version | Tinstall | Tcheck | Ttotal | Status | Flags |
---|---|---|---|---|---|---|
r-devel-linux-x86_64-debian-clang | 2.5.0 | 31.43 | 711.46 | 742.89 | OK | |
r-devel-linux-x86_64-debian-gcc | 2.5.0 | 20.61 | 461.23 | 481.84 | OK | |
r-devel-linux-x86_64-fedora-clang | 2.5.0 | 1204.09 | OK | |||
r-devel-linux-x86_64-fedora-gcc | 2.5.0 | 1174.40 | OK | |||
r-devel-macos-arm64 | 2.5.0 | 315.00 | OK | |||
r-devel-macos-x86_64 | 2.5.0 | 748.00 | OK | |||
r-devel-windows-x86_64 | 2.5.0 | 39.00 | 719.00 | 758.00 | OK | |
r-patched-linux-x86_64 | 2.5.0 | 36.40 | 655.02 | 691.42 | OK | |
r-release-linux-x86_64 | 2.5.0 | 30.02 | 658.40 | 688.42 | OK | |
r-release-macos-arm64 | 2.5.0 | 322.00 | NOTE | |||
r-release-macos-x86_64 | 2.5.0 | 565.00 | NOTE | |||
r-release-windows-x86_64 | 2.5.0 | 40.00 | 738.00 | 778.00 | NOTE | |
r-oldrel-macos-arm64 | 2.5.0 | 309.00 | NOTE | |||
r-oldrel-macos-x86_64 | 2.5.0 | 708.00 | NOTE | |||
r-oldrel-windows-x86_64 | 2.5.0 | 48.00 | 863.00 | 911.00 | NOTE |
Version: 2.5.0
Check: installed package size
Result: NOTE
installed size is 6.8Mb
sub-directories of 1Mb or more:
data 2.3Mb
doc 2.3Mb
help 1.1Mb
Flavors: r-release-macos-arm64, r-release-macos-x86_64, r-release-windows-x86_64, r-oldrel-macos-arm64, r-oldrel-macos-x86_64, r-oldrel-windows-x86_64