CRAN Package Check Results for Package htmltools

Last updated on 2025-02-18 09:50:39 CET.

Flavor Version Tinstall Tcheck Ttotal Status Flags
r-devel-linux-x86_64-debian-clang 0.5.8.1 7.20 74.39 81.59 NOTE
r-devel-linux-x86_64-debian-gcc 0.5.8.1 4.83 48.48 53.31 NOTE
r-devel-linux-x86_64-fedora-clang 0.5.8.1 128.45 NOTE
r-devel-linux-x86_64-fedora-gcc 0.5.8.1 124.49 NOTE
r-devel-macos-arm64 0.5.8.1 35.00 NOTE
r-devel-macos-x86_64 0.5.8.1 71.00 NOTE
r-devel-windows-x86_64 0.5.8.1 13.00 100.00 113.00 NOTE
r-patched-linux-x86_64 0.5.8.1 7.08 69.33 76.41 OK
r-release-linux-x86_64 0.5.8.1 5.35 69.12 74.47 OK
r-release-macos-arm64 0.5.8.1 35.00 OK
r-release-macos-x86_64 0.5.8.1 56.00 OK
r-release-windows-x86_64 0.5.8.1 13.00 101.00 114.00 OK
r-oldrel-macos-arm64 0.5.8.1 45.00 OK
r-oldrel-macos-x86_64 0.5.8.1 106.00 OK
r-oldrel-windows-x86_64 0.5.8.1 13.00 147.00 160.00 OK

Check Details

Version: 0.5.8.1
Check: compiled code
Result: NOTE File ‘htmltools/libs/htmltools.so’: Found non-API calls to R: ‘SETLENGTH’, ‘SET_TRUELENGTH’ Compiled code should not call non-API entry points in R. See ‘Writing portable packages’ in the ‘Writing R Extensions’ manual, and section ‘Moving into C API compliance’ for issues with the use of non-API entry points. Flavors: r-devel-linux-x86_64-debian-clang, r-devel-linux-x86_64-debian-gcc, r-devel-linux-x86_64-fedora-clang, r-devel-linux-x86_64-fedora-gcc, r-devel-macos-arm64, r-devel-macos-x86_64

Version: 0.5.8.1
Check: compiled code
Result: NOTE File 'htmltools/libs/x64/htmltools.dll': Found non-API calls to R: 'SETLENGTH', 'SET_TRUELENGTH' Compiled code should not call non-API entry points in R. See 'Writing portable packages' in the 'Writing R Extensions' manual, and section 'Moving into C API compliance' for issues with the use of non-API entry points. Flavor: r-devel-windows-x86_64