Last updated on 2025-02-24 09:50:49 CET.
Flavor | Version | Tinstall | Tcheck | Ttotal | Status | Flags |
---|---|---|---|---|---|---|
r-devel-linux-x86_64-debian-clang | 0.2.1 | 9.21 | 25.91 | 35.12 | NOTE | |
r-devel-linux-x86_64-debian-gcc | 0.2.1 | 7.91 | 20.72 | 28.63 | NOTE | |
r-devel-linux-x86_64-fedora-clang | 0.2.1 | 67.48 | WARN | |||
r-devel-linux-x86_64-fedora-gcc | 0.2.1 | 77.82 | NOTE | |||
r-devel-macos-arm64 | 0.2.1 | 26.00 | NOTE | |||
r-devel-macos-x86_64 | 0.2.1 | 47.00 | NOTE | |||
r-devel-windows-x86_64 | 0.2.1 | 11.00 | 54.00 | 65.00 | NOTE | |
r-patched-linux-x86_64 | 0.2.1 | 10.49 | 24.76 | 35.25 | NOTE | |
r-release-linux-x86_64 | 0.2.1 | 10.92 | 25.42 | 36.34 | NOTE | |
r-release-macos-arm64 | 0.2.1 | 24.00 | NOTE | |||
r-release-macos-x86_64 | 0.2.1 | 37.00 | NOTE | |||
r-release-windows-x86_64 | 0.2.1 | 12.00 | 55.00 | 67.00 | NOTE | |
r-oldrel-macos-arm64 | 0.2.1 | 29.00 | NOTE | |||
r-oldrel-macos-x86_64 | 0.2.1 | 42.00 | NOTE | |||
r-oldrel-windows-x86_64 | 0.2.1 | 13.00 | 57.00 | 70.00 | NOTE |
Version: 0.2.1
Check: C++ specification
Result: NOTE
Specified C++11: please drop specification unless essential
Flavors: r-devel-linux-x86_64-debian-clang, r-devel-linux-x86_64-debian-gcc, r-devel-linux-x86_64-fedora-clang, r-devel-linux-x86_64-fedora-gcc, r-devel-macos-arm64, r-devel-macos-x86_64, r-devel-windows-x86_64, r-patched-linux-x86_64, r-release-linux-x86_64, r-release-macos-arm64, r-release-macos-x86_64, r-release-windows-x86_64, r-oldrel-macos-arm64, r-oldrel-macos-x86_64, r-oldrel-windows-x86_64
Version: 0.2.1
Check: whether package can be installed
Result: WARN
Found the following significant warnings:
/data/gannet/ripley/R/test-clang/cpp11/include/cpp11/R.hpp:52:31: warning: identifier '_xl' preceded by whitespace in a literal operator declaration is deprecated [-Wdeprecated-literal-operator]
/data/gannet/ripley/R/test-clang/cpp11/include/cpp11/named_arg.hpp:42:29: warning: identifier '_nm' preceded by whitespace in a literal operator declaration is deprecated [-Wdeprecated-literal-operator]
See ‘/data/gannet/ripley/R/packages/tests-clang/hilbert.Rcheck/00install.out’ for details.
* used C++ compiler: ‘clang version 20.1.0-rc2’
Flavor: r-devel-linux-x86_64-fedora-clang