Last updated on 2025-02-16 09:50:41 CET.
Flavor | Version | Tinstall | Tcheck | Ttotal | Status | Flags |
---|---|---|---|---|---|---|
r-devel-linux-x86_64-debian-clang | 1.1.2 | 2.12 | 29.78 | 31.90 | NOTE | |
r-devel-linux-x86_64-debian-gcc | 1.1.2 | 1.86 | 23.71 | 25.57 | NOTE | |
r-devel-linux-x86_64-fedora-clang | 1.1.2 | 55.88 | NOTE | |||
r-devel-linux-x86_64-fedora-gcc | 1.1.2 | 63.82 | NOTE | |||
r-devel-macos-arm64 | 1.1.2 | 26.00 | NOTE | |||
r-devel-macos-x86_64 | 1.1.2 | 54.00 | NOTE | |||
r-devel-windows-x86_64 | 1.1.2 | 4.00 | 61.00 | 65.00 | NOTE | |
r-patched-linux-x86_64 | 1.1.2 | 2.76 | 28.59 | 31.35 | NOTE | |
r-release-linux-x86_64 | 1.1.2 | 2.25 | 28.69 | 30.94 | NOTE | |
r-release-macos-arm64 | 1.1.2 | 24.00 | NOTE | |||
r-release-macos-x86_64 | 1.1.2 | 45.00 | NOTE | |||
r-release-windows-x86_64 | 1.1.2 | 3.00 | 66.00 | 69.00 | NOTE | |
r-oldrel-macos-arm64 | 1.1.2 | 29.00 | OK | |||
r-oldrel-macos-x86_64 | 1.1.2 | 71.00 | OK | |||
r-oldrel-windows-x86_64 | 1.1.2 | 5.00 | 95.00 | 100.00 | OK |
Version: 1.1.2
Check: Rd files
Result: NOTE
checkRd: (-1) deff.sigma.Rd:28: Lost braces in \itemize; meant \describe ?
checkRd: (-1) deff.sigma.Rd:29: Lost braces in \itemize; meant \describe ?
checkRd: (-1) deff.sigma.Rd:30: Lost braces in \itemize; meant \describe ?
checkRd: (-1) deff.sigma.Rd:31: Lost braces in \itemize; meant \describe ?
checkRd: (-1) deff.sigma.Rd:32: Lost braces in \itemize; meant \describe ?
checkRd: (-1) deff.sigma.Rd:33: Lost braces in \itemize; meant \describe ?
checkRd: (-1) deff.sigma.Rd:34: Lost braces in \itemize; meant \describe ?
checkRd: (-1) deff.sigma.Rd:35: Lost braces in \itemize; meant \describe ?
Flavors: r-devel-linux-x86_64-debian-clang, r-devel-linux-x86_64-debian-gcc, r-devel-linux-x86_64-fedora-clang, r-devel-linux-x86_64-fedora-gcc, r-devel-macos-arm64, r-devel-macos-x86_64, r-devel-windows-x86_64, r-patched-linux-x86_64, r-release-linux-x86_64, r-release-macos-arm64, r-release-macos-x86_64, r-release-windows-x86_64