CRAN Package Check Results for Package googler

Last updated on 2025-02-16 09:50:40 CET.

Flavor Version Tinstall Tcheck Ttotal Status Flags
r-devel-linux-x86_64-debian-clang 0.0.1 1.63 20.38 22.01 OK
r-devel-linux-x86_64-debian-gcc 0.0.1 1.43 15.61 17.04 OK
r-devel-linux-x86_64-fedora-clang 0.0.1 34.70 OK
r-devel-linux-x86_64-fedora-gcc 0.0.1 32.31 OK
r-devel-macos-arm64 0.0.1 18.00 OK
r-devel-macos-x86_64 0.0.1 28.00 OK
r-devel-windows-x86_64 0.0.1 3.00 43.00 46.00 OK
r-patched-linux-x86_64 0.0.1 1.69 18.48 20.17 NOTE
r-release-linux-x86_64 0.0.1 1.70 18.41 20.11 NOTE
r-release-macos-arm64 0.0.1 18.00 NOTE
r-release-macos-x86_64 0.0.1 23.00 NOTE
r-release-windows-x86_64 0.0.1 4.00 46.00 50.00 NOTE
r-oldrel-macos-arm64 0.0.1 21.00 NOTE
r-oldrel-macos-x86_64 0.0.1 25.00 NOTE
r-oldrel-windows-x86_64 0.0.1 4.00 68.00 72.00 NOTE

Check Details

Version: 0.0.1
Check: LazyData
Result: NOTE 'LazyData' is specified without a 'data' directory Flavors: r-patched-linux-x86_64, r-release-linux-x86_64, r-release-macos-arm64, r-release-macos-x86_64, r-release-windows-x86_64, r-oldrel-macos-arm64, r-oldrel-macos-x86_64, r-oldrel-windows-x86_64