CRAN Package Check Results for Package googlenlp

Last updated on 2025-02-16 09:50:40 CET.

Flavor Version Tinstall Tcheck Ttotal Status Flags
r-devel-linux-x86_64-debian-clang 0.2.0 4.79 34.89 39.68 OK
r-devel-linux-x86_64-debian-gcc 0.2.0 3.25 25.97 29.22 OK
r-devel-linux-x86_64-fedora-clang 0.2.0 65.69 OK
r-devel-linux-x86_64-fedora-gcc 0.2.0 58.88 OK
r-devel-macos-arm64 0.2.0 24.00 OK
r-devel-macos-x86_64 0.2.0 37.00 OK
r-devel-windows-x86_64 0.2.0 6.00 54.00 60.00 OK
r-patched-linux-x86_64 0.2.0 4.60 32.51 37.11 NOTE
r-release-linux-x86_64 0.2.0 4.64 32.59 37.23 NOTE
r-release-macos-arm64 0.2.0 21.00 NOTE
r-release-macos-x86_64 0.2.0 49.00 NOTE
r-release-windows-x86_64 0.2.0 6.00 57.00 63.00 NOTE
r-oldrel-macos-arm64 0.2.0 23.00 NOTE
r-oldrel-macos-x86_64 0.2.0 32.00 NOTE
r-oldrel-windows-x86_64 0.2.0 7.00 61.00 68.00 NOTE

Check Details

Version: 0.2.0
Check: LazyData
Result: NOTE 'LazyData' is specified without a 'data' directory Flavors: r-patched-linux-x86_64, r-release-linux-x86_64, r-release-macos-arm64, r-release-macos-x86_64, r-release-windows-x86_64, r-oldrel-macos-arm64, r-oldrel-macos-x86_64, r-oldrel-windows-x86_64