Last updated on 2025-02-11 09:48:26 CET.
Flavor | Version | Tinstall | Tcheck | Ttotal | Status | Flags |
---|---|---|---|---|---|---|
r-devel-linux-x86_64-debian-clang | 0.7-5 | 15.34 | 86.52 | 101.86 | NOTE | |
r-devel-linux-x86_64-debian-gcc | 0.7-5 | 9.39 | 60.76 | 70.15 | NOTE | |
r-devel-linux-x86_64-fedora-clang | 0.7-5 | 162.14 | NOTE | |||
r-devel-linux-x86_64-fedora-gcc | 0.7-5 | 148.22 | NOTE | |||
r-devel-windows-x86_64 | 0.7-5 | 16.00 | 94.00 | 110.00 | NOTE | |
r-patched-linux-x86_64 | 0.7-5 | 15.98 | 79.19 | 95.17 | NOTE | |
r-release-linux-x86_64 | 0.7-5 | 14.31 | 79.02 | 93.33 | NOTE | |
r-release-macos-arm64 | 0.7-5 | 42.00 | NOTE | |||
r-release-macos-x86_64 | 0.7-5 | 63.00 | NOTE | |||
r-release-windows-x86_64 | 0.7-5 | 15.00 | 93.00 | 108.00 | NOTE | |
r-oldrel-macos-arm64 | 0.7-5 | 47.00 | NOTE | |||
r-oldrel-macos-x86_64 | 0.7-5 | 73.00 | NOTE | |||
r-oldrel-windows-x86_64 | 0.7-5 | 18.00 | 114.00 | 132.00 | NOTE |
Version: 0.7-5
Check: Rd files
Result: NOTE
checkRd: (-1) BVDWSTOXX.Rd:14: Escaped LaTeX specials: \&
checkRd: (-1) BVDWSTOXX.Rd:15: Escaped LaTeX specials: \&
checkRd: (-1) BVDWSTOXX.Rd:16: Escaped LaTeX specials: \& \&
checkRd: (-1) BVDWSTOXX.Rd:26: Escaped LaTeX specials: \&
checkRd: (-1) BVDWSTOXX.Rd:31: Escaped LaTeX specials: \&
checkRd: (-1) BVDWSTOXX.Rd:34: Escaped LaTeX specials: \&
checkRd: (-1) BVDWSTOXX.Rd:37: Escaped LaTeX specials: \&
Flavors: r-devel-linux-x86_64-debian-clang, r-devel-linux-x86_64-debian-gcc, r-devel-linux-x86_64-fedora-clang, r-devel-linux-x86_64-fedora-gcc, r-devel-windows-x86_64, r-patched-linux-x86_64, r-release-linux-x86_64, r-release-macos-arm64, r-release-macos-x86_64, r-release-windows-x86_64, r-oldrel-macos-arm64, r-oldrel-macos-x86_64, r-oldrel-windows-x86_64