Last updated on 2025-02-16 09:50:40 CET.
Flavor | Version | Tinstall | Tcheck | Ttotal | Status | Flags |
---|---|---|---|---|---|---|
r-devel-linux-x86_64-debian-clang | 0.11.2 | 430.17 | 144.17 | 574.34 | OK | |
r-devel-linux-x86_64-debian-gcc | 0.11.2 | 358.37 | 124.15 | 482.52 | OK | |
r-devel-linux-x86_64-fedora-clang | 0.11.2 | 849.34 | OK | |||
r-devel-linux-x86_64-fedora-gcc | 0.11.2 | 1154.94 | OK | |||
r-devel-macos-arm64 | 0.11.2 | 226.00 | OK | |||
r-devel-macos-x86_64 | 0.11.2 | 437.00 | OK | |||
r-devel-windows-x86_64 | 0.11.2 | 339.00 | 191.00 | 530.00 | OK | |
r-patched-linux-x86_64 | 0.11.2 | 502.66 | 162.10 | 664.76 | NOTE | |
r-release-linux-x86_64 | 0.11.2 | 485.29 | 161.22 | 646.51 | NOTE | |
r-release-macos-arm64 | 0.11.2 | 126.00 | NOTE | |||
r-release-macos-x86_64 | 0.11.2 | 191.00 | NOTE | |||
r-release-windows-x86_64 | 0.11.2 | 344.00 | 200.00 | 544.00 | NOTE | |
r-oldrel-macos-arm64 | 0.11.2 | 223.00 | NOTE | |||
r-oldrel-macos-x86_64 | 0.11.2 | 341.00 | NOTE | |||
r-oldrel-windows-x86_64 | 0.11.2 | 484.00 | 234.00 | 718.00 | NOTE |
Version: 0.11.2
Check: for GNU extensions in Makefiles
Result: NOTE
GNU make is a SystemRequirements.
Flavors: r-patched-linux-x86_64, r-release-linux-x86_64, r-release-macos-arm64, r-release-macos-x86_64, r-release-windows-x86_64, r-oldrel-macos-arm64, r-oldrel-macos-x86_64, r-oldrel-windows-x86_64
Version: 0.11.2
Check: installed package size
Result: NOTE
installed size is 160.0Mb
sub-directories of 1Mb or more:
libs 158.6Mb
Flavors: r-release-macos-arm64, r-release-macos-x86_64, r-release-windows-x86_64, r-oldrel-macos-arm64, r-oldrel-macos-x86_64, r-oldrel-windows-x86_64