Last updated on 2025-02-16 09:50:40 CET.
Flavor | Version | Tinstall | Tcheck | Ttotal | Status | Flags |
---|---|---|---|---|---|---|
r-devel-linux-x86_64-debian-clang | 3.0.1 | 82.76 | 28.05 | 110.81 | NOTE | |
r-devel-linux-x86_64-debian-gcc | 3.0.1 | 208.44 | 22.08 | 230.52 | NOTE | |
r-devel-linux-x86_64-fedora-clang | 3.0.1 | 169.41 | NOTE | |||
r-devel-linux-x86_64-fedora-gcc | 3.0.1 | 417.52 | NOTE | |||
r-devel-macos-arm64 | 3.0.1 | 52.00 | NOTE | |||
r-devel-macos-x86_64 | 3.0.1 | 132.00 | NOTE | |||
r-devel-windows-x86_64 | 3.0.1 | 309.00 | 72.00 | 381.00 | NOTE | |
r-patched-linux-x86_64 | 3.0.1 | 234.52 | 27.52 | 262.04 | NOTE | |
r-release-linux-x86_64 | 3.0.1 | 239.65 | 27.13 | 266.78 | NOTE | |
r-release-macos-arm64 | 3.0.1 | 52.00 | NOTE | |||
r-release-macos-x86_64 | 3.0.1 | 104.00 | NOTE | |||
r-release-windows-x86_64 | 3.0.1 | 317.00 | 75.00 | 392.00 | NOTE | |
r-oldrel-macos-arm64 | 3.0.1 | 62.00 | NOTE | |||
r-oldrel-macos-x86_64 | 3.0.1 | 123.00 | NOTE | |||
r-oldrel-windows-x86_64 | 3.0.1 | 337.00 | 76.00 | 413.00 | NOTE |
Version: 3.0.1
Check: C++ specification
Result: NOTE
Specified C++11: please drop specification unless essential
Flavors: r-devel-linux-x86_64-debian-clang, r-devel-linux-x86_64-debian-gcc, r-devel-linux-x86_64-fedora-clang, r-devel-linux-x86_64-fedora-gcc, r-devel-macos-arm64, r-devel-macos-x86_64, r-devel-windows-x86_64, r-patched-linux-x86_64, r-release-linux-x86_64, r-release-macos-arm64, r-release-macos-x86_64, r-release-windows-x86_64, r-oldrel-macos-arm64, r-oldrel-macos-x86_64, r-oldrel-windows-x86_64
Version: 3.0.1
Check: installed package size
Result: NOTE
installed size is 9.9Mb
sub-directories of 1Mb or more:
libs 9.8Mb
Flavors: r-release-macos-arm64, r-release-macos-x86_64, r-oldrel-macos-arm64, r-oldrel-macos-x86_64