CRAN Package Check Results for Package ggrasp

Last updated on 2025-04-15 09:52:22 CEST.

Flavor Version Tinstall Tcheck Ttotal Status Flags
r-devel-linux-x86_64-debian-clang 1.2 16.30 109.08 125.38 OK
r-devel-linux-x86_64-debian-gcc 1.2 11.65 75.25 86.90 OK
r-devel-linux-x86_64-fedora-clang 1.2 193.49 OK
r-devel-linux-x86_64-fedora-gcc 1.2 178.35 OK
r-devel-windows-x86_64 1.2 20.00 104.00 124.00 OK
r-patched-linux-x86_64 1.2 15.20 102.82 118.02 OK
r-release-linux-x86_64 1.2 16.03 101.89 117.92 OK
r-release-macos-arm64 1.2 51.00 OK
r-release-macos-x86_64 1.2 95.00 OK
r-release-windows-x86_64 1.2 21.00 104.00 125.00 OK
r-oldrel-macos-arm64 1.2 50.00 NOTE
r-oldrel-macos-x86_64 1.2 74.00 NOTE
r-oldrel-windows-x86_64 1.2 26.00 137.00 163.00 NOTE

Check Details

Version: 1.2
Check: installed package size
Result: NOTE installed size is 9.4Mb sub-directories of 1Mb or more: extdata 9.1Mb Flavors: r-oldrel-macos-arm64, r-oldrel-macos-x86_64, r-oldrel-windows-x86_64