CRAN Package Check Results for Package ggmice

Last updated on 2025-02-16 09:50:40 CET.

Flavor Version Tinstall Tcheck Ttotal Status Flags
r-devel-linux-x86_64-debian-clang 0.1.0 3.50 111.65 115.15 NOTE
r-devel-linux-x86_64-debian-gcc 0.1.0 2.36 80.03 82.39 NOTE
r-devel-linux-x86_64-fedora-clang 0.1.0 192.61 OK
r-devel-linux-x86_64-fedora-gcc 0.1.0 194.29 OK
r-devel-macos-arm64 0.1.0 56.00 OK
r-devel-macos-x86_64 0.1.0 96.00 OK
r-devel-windows-x86_64 0.1.0 5.00 118.00 123.00 NOTE
r-patched-linux-x86_64 0.1.0 8.94 106.29 115.23 OK
r-release-linux-x86_64 0.1.0 2.83 107.78 110.61 OK
r-release-macos-arm64 0.1.0 50.00 OK
r-release-macos-x86_64 0.1.0 83.00 OK
r-release-windows-x86_64 0.1.0 6.00 120.00 126.00 OK
r-oldrel-macos-arm64 0.1.0 49.00 OK
r-oldrel-macos-x86_64 0.1.0 103.00 OK
r-oldrel-windows-x86_64 0.1.0 6.00 133.00 139.00 OK

Check Details

Version: 0.1.0
Check: Rd cross-references
Result: NOTE Found the following Rd file(s) with Rd \link{} targets missing package anchors: theme_mice.Rd: mice, ggplot2 theme_minimice.Rd: mice, ggplot2 Please provide package anchors for all Rd \link{} targets not in the package itself and the base packages. Flavors: r-devel-linux-x86_64-debian-clang, r-devel-linux-x86_64-debian-gcc, r-devel-windows-x86_64