CRAN Package Check Results for Package ggghost

Last updated on 2025-04-15 09:52:22 CEST.

Flavor Version Tinstall Tcheck Ttotal Status Flags
r-devel-linux-x86_64-debian-clang 0.2.1 4.47 50.72 55.19 NOTE
r-devel-linux-x86_64-debian-gcc 0.2.1 3.61 36.14 39.75 NOTE
r-devel-linux-x86_64-fedora-clang 0.2.2 87.67 OK
r-devel-linux-x86_64-fedora-gcc 0.2.2 79.82 OK
r-devel-windows-x86_64 0.2.1 5.00 67.00 72.00 NOTE
r-patched-linux-x86_64 0.2.1 3.75 44.42 48.17 NOTE
r-release-linux-x86_64 0.2.1 4.39 46.03 50.42 NOTE
r-release-macos-arm64 0.2.1 35.00 OK
r-release-macos-x86_64 0.2.2 40.00 OK
r-release-windows-x86_64 0.2.1 6.00 65.00 71.00 NOTE
r-oldrel-macos-arm64 0.2.1 28.00 NOTE
r-oldrel-macos-x86_64 0.2.2 47.00 OK
r-oldrel-windows-x86_64 0.2.1 8.00 75.00 83.00 NOTE

Check Details

Version: 0.2.1
Check: Rd cross-references
Result: NOTE Found the following Rd file(s) with Rd \link{} targets missing package anchors: identify_data.Rd: fortify Please provide package anchors for all Rd \link{} targets not in the package itself and the base packages. Flavors: r-devel-linux-x86_64-debian-clang, r-devel-linux-x86_64-debian-gcc, r-devel-windows-x86_64, r-patched-linux-x86_64, r-release-linux-x86_64, r-release-windows-x86_64

Version: 0.2.1
Check: LazyData
Result: NOTE 'LazyData' is specified without a 'data' directory Flavors: r-oldrel-macos-arm64, r-oldrel-windows-x86_64