Last updated on 2025-05-09 09:51:42 CEST.
Flavor | Version | Tinstall | Tcheck | Ttotal | Status | Flags |
---|---|---|---|---|---|---|
r-devel-linux-x86_64-debian-clang | 0.3.0 | 14.43 | 111.27 | 125.70 | NOTE | |
r-devel-linux-x86_64-debian-gcc | 0.3.0 | 9.44 | 78.96 | 88.40 | NOTE | |
r-devel-linux-x86_64-fedora-clang | 0.3.0 | 179.79 | OK | |||
r-devel-linux-x86_64-fedora-gcc | 0.3.0 | 190.95 | OK | |||
r-devel-windows-x86_64 | 0.3.0 | 14.00 | 108.00 | 122.00 | OK | |
r-patched-linux-x86_64 | 0.3.0 | 11.00 | 102.80 | 113.80 | OK | |
r-release-linux-x86_64 | 0.3.0 | 14.35 | 102.34 | 116.69 | OK | |
r-release-macos-arm64 | 0.3.0 | 53.00 | OK | |||
r-release-macos-x86_64 | 0.3.0 | 113.00 | OK | |||
r-release-windows-x86_64 | 0.3.0 | 16.00 | 109.00 | 125.00 | OK | |
r-oldrel-macos-arm64 | 0.3.0 | 53.00 | OK | |||
r-oldrel-macos-x86_64 | 0.3.0 | 123.00 | OK | |||
r-oldrel-windows-x86_64 | 0.3.0 | 20.00 | 138.00 | 158.00 | OK |
Version: 0.3.0
Check: DESCRIPTION meta-information
Result: NOTE
Author field differs from that derived from Authors@R
Author: ‘Mikko Vihtakari [aut, cre] (Institute of Marine Research, <https://orcid.org/0000-0003-0371-4319>)’
Authors@R: ‘Mikko Vihtakari [aut, cre] (affiliation: Institute of Marine Research, ORCID: <https://orcid.org/0000-0003-0371-4319>)’
Flavors: r-devel-linux-x86_64-debian-clang, r-devel-linux-x86_64-debian-gcc