Last updated on 2025-05-09 09:51:42 CEST.
Flavor | Version | Tinstall | Tcheck | Ttotal | Status | Flags |
---|---|---|---|---|---|---|
r-devel-linux-x86_64-debian-clang | 2.1.5 | 8.14 | 36.41 | 44.55 | OK | |
r-devel-linux-x86_64-debian-gcc | 2.1.5 | 6.51 | 27.31 | 33.82 | OK | |
r-devel-linux-x86_64-fedora-clang | 2.1.5 | 66.93 | OK | |||
r-devel-linux-x86_64-fedora-gcc | 2.1.5 | 85.22 | OK | |||
r-devel-windows-x86_64 | 2.1.5 | 25.00 | 128.00 | 153.00 | OK | |
r-patched-linux-x86_64 | 2.1.5 | 8.42 | 34.11 | 42.53 | OK | |
r-release-linux-x86_64 | 2.1.5 | 7.59 | 33.43 | 41.02 | OK | |
r-release-macos-arm64 | 2.1.5 | 44.00 | OK | |||
r-release-macos-x86_64 | 2.1.5 | 79.00 | OK | |||
r-release-windows-x86_64 | 2.1.5 | 22.00 | 131.00 | 153.00 | OK | |
r-oldrel-macos-arm64 | 2.1.5 | 39.00 | NOTE | |||
r-oldrel-macos-x86_64 | 2.1.5 | 119.00 | NOTE | |||
r-oldrel-windows-x86_64 | 2.1.5 | 26.00 | 149.00 | 175.00 | NOTE |
Version: 2.1.5
Check: installed package size
Result: NOTE
installed size is 6.9Mb
sub-directories of 1Mb or more:
libs 6.5Mb
Flavors: r-oldrel-macos-arm64, r-oldrel-macos-x86_64, r-oldrel-windows-x86_64