CRAN Package Check Results for Package gensphere

Last updated on 2025-02-19 09:50:49 CET.

Flavor Version Tinstall Tcheck Ttotal Status Flags
r-devel-linux-x86_64-debian-clang 1.3 4.14 36.02 40.16 NOTE
r-devel-linux-x86_64-debian-gcc 1.3 3.47 28.45 31.92 NOTE
r-devel-linux-x86_64-fedora-clang 1.3 64.94 NOTE
r-devel-linux-x86_64-fedora-gcc 1.3 63.13 NOTE
r-devel-macos-arm64 1.3 25.00 NOTE
r-devel-macos-x86_64 1.3 58.00 NOTE
r-devel-windows-x86_64 1.3 6.00 55.00 61.00 NOTE
r-patched-linux-x86_64 1.3 4.53 33.60 38.13 NOTE
r-release-linux-x86_64 1.3 3.79 33.47 37.26 NOTE
r-release-macos-arm64 1.3 22.00 NOTE
r-release-macos-x86_64 1.3 30.00 NOTE
r-release-windows-x86_64 1.3 6.00 54.00 60.00 NOTE
r-oldrel-macos-arm64 1.3 23.00 OK
r-oldrel-macos-x86_64 1.3 33.00 OK
r-oldrel-windows-x86_64 1.3 7.00 72.00 79.00 OK

Check Details

Version: 1.3
Check: Rd files
Result: NOTE checkRd: (-1) cfunc.new.Rd:57: Lost braces in \itemize; meant \describe ? checkRd: (-1) cfunc.new.Rd:58-59: Lost braces in \itemize; meant \describe ? checkRd: (-1) cfunc.new.Rd:60-61: Lost braces in \itemize; meant \describe ? checkRd: (-1) cfunc.new.Rd:62: Lost braces in \itemize; meant \describe ? checkRd: (-1) cfunc.new.Rd:63-64: Lost braces in \itemize; meant \describe ? checkRd: (-1) cfunc.new.Rd:65: Lost braces in \itemize; meant \describe ? Flavors: r-devel-linux-x86_64-debian-clang, r-devel-linux-x86_64-debian-gcc, r-devel-linux-x86_64-fedora-clang, r-devel-linux-x86_64-fedora-gcc, r-devel-macos-arm64, r-devel-macos-x86_64, r-devel-windows-x86_64, r-patched-linux-x86_64, r-release-linux-x86_64, r-release-macos-arm64, r-release-macos-x86_64, r-release-windows-x86_64