Last updated on 2025-02-18 09:50:38 CET.
Flavor | Version | Tinstall | Tcheck | Ttotal | Status | Flags |
---|---|---|---|---|---|---|
r-devel-linux-x86_64-debian-clang | 0.38.2 | 10.16 | 114.07 | 124.23 | NOTE | |
r-devel-linux-x86_64-debian-gcc | 0.38.2 | 7.03 | 92.66 | 99.69 | NOTE | |
r-devel-linux-x86_64-fedora-clang | 0.38.2 | 201.02 | OK | |||
r-devel-linux-x86_64-fedora-gcc | 0.38.2 | 193.85 | OK | |||
r-devel-macos-arm64 | 0.38.2 | 62.00 | OK | |||
r-devel-macos-x86_64 | 0.38.2 | 137.00 | OK | |||
r-devel-windows-x86_64 | 0.38.2 | 13.00 | 120.00 | 133.00 | NOTE | |
r-patched-linux-x86_64 | 0.38.2 | 13.60 | 107.91 | 121.51 | OK | |
r-release-linux-x86_64 | 0.38.2 | 10.00 | 108.12 | 118.12 | OK | |
r-release-macos-arm64 | 0.38.2 | 64.00 | OK | |||
r-release-macos-x86_64 | 0.38.2 | 89.00 | OK | |||
r-release-windows-x86_64 | 0.38.2 | 11.00 | 120.00 | 131.00 | OK | |
r-oldrel-macos-arm64 | 0.38.2 | 68.00 | OK | |||
r-oldrel-macos-x86_64 | 0.38.2 | 80.00 | OK | |||
r-oldrel-windows-x86_64 | 0.38.2 | 15.00 | 145.00 | 160.00 | OK |
Version: 0.38.2
Check: Rd cross-references
Result: NOTE
Found the following Rd file(s) with Rd \link{} targets missing package
anchors:
geneSLOPE.Rd: SLOPE, bigmemory
selectionResult.Rd: SLOPE
Please provide package anchors for all Rd \link{} targets not in the
package itself and the base packages.
Flavors: r-devel-linux-x86_64-debian-clang, r-devel-linux-x86_64-debian-gcc, r-devel-windows-x86_64