Last updated on 2025-02-16 09:50:39 CET.
Flavor | Version | Tinstall | Tcheck | Ttotal | Status | Flags |
---|---|---|---|---|---|---|
r-devel-linux-x86_64-debian-clang | 0.6.0 | 4.12 | 40.18 | 44.30 | OK | |
r-devel-linux-x86_64-debian-gcc | 0.6.0 | 2.87 | 30.35 | 33.22 | OK | |
r-devel-linux-x86_64-fedora-clang | 0.6.0 | 78.22 | OK | |||
r-devel-linux-x86_64-fedora-gcc | 0.6.0 | 82.61 | OK | |||
r-devel-macos-arm64 | 0.6.0 | 32.00 | OK | |||
r-devel-macos-x86_64 | 0.6.0 | 59.00 | OK | |||
r-devel-windows-x86_64 | 0.6.0 | 6.00 | 58.00 | 64.00 | OK | |
r-patched-linux-x86_64 | 0.6.0 | 3.85 | 37.81 | 41.66 | NOTE | |
r-release-linux-x86_64 | 0.6.0 | 3.79 | 37.84 | 41.63 | NOTE | |
r-release-macos-arm64 | 0.6.0 | 32.00 | NOTE | |||
r-release-macos-x86_64 | 0.6.0 | 45.00 | NOTE | |||
r-release-windows-x86_64 | 0.6.0 | 6.00 | 60.00 | 66.00 | NOTE | |
r-oldrel-macos-arm64 | 0.6.0 | 31.00 | NOTE | |||
r-oldrel-macos-x86_64 | 0.6.0 | 44.00 | NOTE | |||
r-oldrel-windows-x86_64 | 0.6.0 | 7.00 | 65.00 | 72.00 | NOTE |
Version: 0.6.0
Check: package dependencies
Result: NOTE
Package suggested but not available for checking: ‘genderdata’
Flavors: r-patched-linux-x86_64, r-release-linux-x86_64, r-release-macos-arm64, r-release-macos-x86_64, r-release-windows-x86_64, r-oldrel-macos-arm64, r-oldrel-macos-x86_64, r-oldrel-windows-x86_64