CRAN Package Check Results for Package gen2stage

Last updated on 2025-02-16 09:50:39 CET.

Flavor Version Tinstall Tcheck Ttotal Status Flags
r-devel-linux-x86_64-debian-clang 1.0 1.57 19.85 21.42 OK
r-devel-linux-x86_64-debian-gcc 1.0 1.45 16.45 17.90 OK
r-devel-linux-x86_64-fedora-clang 1.0 37.04 OK
r-devel-linux-x86_64-fedora-gcc 1.0 33.21 OK
r-devel-macos-arm64 1.0 16.00 OK
r-devel-macos-x86_64 1.0 37.00 OK
r-devel-windows-x86_64 1.0 3.00 47.00 50.00 OK
r-patched-linux-x86_64 1.0 1.62 19.05 20.67 NOTE
r-release-linux-x86_64 1.0 1.67 19.28 20.95 NOTE
r-release-macos-arm64 1.0 16.00 NOTE
r-release-macos-x86_64 1.0 23.00 NOTE
r-release-windows-x86_64 1.0 3.00 54.00 57.00 NOTE
r-oldrel-macos-arm64 1.0 18.00 NOTE
r-oldrel-macos-x86_64 1.0 23.00 NOTE
r-oldrel-windows-x86_64 1.0 3.00 50.00 53.00 NOTE

Check Details

Version: 1.0
Check: LazyData
Result: NOTE 'LazyData' is specified without a 'data' directory Flavors: r-patched-linux-x86_64, r-release-linux-x86_64, r-release-macos-arm64, r-release-macos-x86_64, r-release-windows-x86_64, r-oldrel-macos-arm64, r-oldrel-macos-x86_64, r-oldrel-windows-x86_64