Last updated on 2025-02-16 09:50:39 CET.
Flavor | Version | Tinstall | Tcheck | Ttotal | Status | Flags |
---|---|---|---|---|---|---|
r-devel-linux-x86_64-debian-clang | 0.1.0 | 4.46 | 48.28 | 52.74 | OK | |
r-devel-linux-x86_64-debian-gcc | 0.1.0 | 3.57 | 37.11 | 40.68 | OK | |
r-devel-linux-x86_64-fedora-clang | 0.1.0 | 86.83 | OK | |||
r-devel-linux-x86_64-fedora-gcc | 0.1.0 | 94.90 | OK | |||
r-devel-macos-arm64 | 0.1.0 | 33.00 | OK | |||
r-devel-macos-x86_64 | 0.1.0 | 58.00 | OK | |||
r-devel-windows-x86_64 | 0.1.0 | 7.00 | 70.00 | 77.00 | OK | |
r-patched-linux-x86_64 | 0.1.0 | 3.40 | 45.75 | 49.15 | NOTE | |
r-release-linux-x86_64 | 0.1.0 | 3.30 | 45.47 | 48.77 | NOTE | |
r-release-macos-arm64 | 0.1.0 | 29.00 | NOTE | |||
r-release-macos-x86_64 | 0.1.0 | 47.00 | NOTE | |||
r-release-windows-x86_64 | 0.1.0 | 6.00 | 76.00 | 82.00 | NOTE | |
r-oldrel-macos-arm64 | 0.1.0 | 34.00 | NOTE | |||
r-oldrel-macos-x86_64 | 0.1.0 | 51.00 | NOTE | |||
r-oldrel-windows-x86_64 | 0.1.0 | 7.00 | 92.00 | 99.00 | NOTE |
Version: 0.1.0
Check: LazyData
Result: NOTE
'LazyData' is specified without a 'data' directory
Flavors: r-patched-linux-x86_64, r-release-linux-x86_64, r-release-macos-arm64, r-release-macos-x86_64, r-release-windows-x86_64, r-oldrel-macos-arm64, r-oldrel-macos-x86_64, r-oldrel-windows-x86_64