Last updated on 2025-05-08 09:53:58 CEST.
Flavor | Version | Tinstall | Tcheck | Ttotal | Status | Flags |
---|---|---|---|---|---|---|
r-devel-linux-x86_64-debian-clang | 1.1-8 | 10.22 | 118.07 | 128.29 | NOTE | |
r-devel-linux-x86_64-debian-gcc | 1.1-8 | 6.64 | 83.04 | 89.68 | NOTE | |
r-devel-linux-x86_64-fedora-clang | 1.1-8 | 213.66 | OK | |||
r-devel-linux-x86_64-fedora-gcc | 1.1-8 | 207.29 | OK | |||
r-devel-windows-x86_64 | 1.1-8 | 14.00 | 152.00 | 166.00 | OK | |
r-patched-linux-x86_64 | 1.1-8 | 10.05 | 112.93 | 122.98 | OK | |
r-release-linux-x86_64 | 1.1-8 | 9.20 | 111.74 | 120.94 | OK | |
r-release-macos-arm64 | 1.1-8 | 68.00 | OK | |||
r-release-macos-x86_64 | 1.1-8 | 124.00 | OK | |||
r-release-windows-x86_64 | 1.1-8 | 13.00 | 150.00 | 163.00 | OK | |
r-oldrel-macos-arm64 | 1.1-8 | 61.00 | OK | |||
r-oldrel-macos-x86_64 | 1.1-8 | 88.00 | OK | |||
r-oldrel-windows-x86_64 | 1.1-8 | 17.00 | 182.00 | 199.00 | OK |
Version: 1.1-8
Check: CRAN incoming feasibility
Result: NOTE
Maintainer: ‘Arne Henningsen <arne.henningsen@gmail.com>’
No Authors@R field in DESCRIPTION.
Please add one, modifying
Authors@R: c(person(given = "Tim",
family = "Coelli",
role = "aut"),
person(given = "Arne",
family = "Henningsen",
role = c("aut", "cre"),
email = "arne.henningsen@gmail.com"))
as necessary.
Package CITATION file contains call(s) to old-style personList() or
as.personList(). Please use c() on person objects instead.
Package CITATION file contains call(s) to old-style citEntry(). Please
use bibentry() instead.
Flavors: r-devel-linux-x86_64-debian-clang, r-devel-linux-x86_64-debian-gcc