Last updated on 2025-05-10 09:50:30 CEST.
Flavor | Version | Tinstall | Tcheck | Ttotal | Status | Flags |
---|---|---|---|---|---|---|
r-devel-linux-x86_64-debian-clang | 1.0.1 | 26.60 | 120.34 | 146.94 | NOTE | |
r-devel-linux-x86_64-debian-gcc | 1.0.1 | 16.47 | 84.42 | 100.89 | NOTE | |
r-devel-linux-x86_64-fedora-clang | 1.0.1 | 227.56 | NOTE | |||
r-devel-linux-x86_64-fedora-gcc | 1.0.1 | 238.77 | NOTE | |||
r-devel-windows-x86_64 | 1.0.1 | 31.00 | 162.00 | 193.00 | NOTE | |
r-patched-linux-x86_64 | 1.0.1 | 24.25 | 114.31 | 138.56 | NOTE | |
r-release-linux-x86_64 | 1.0.1 | 25.15 | 113.61 | 138.76 | NOTE | |
r-release-macos-arm64 | 1.0.1 | 100.00 | NOTE | |||
r-release-macos-x86_64 | 1.0.1 | 129.00 | NOTE | |||
r-release-windows-x86_64 | 1.0.1 | 33.00 | 163.00 | 196.00 | NOTE | |
r-oldrel-macos-arm64 | 1.0.1 | 62.00 | NOTE | |||
r-oldrel-macos-x86_64 | 1.0.1 | 107.00 | NOTE | |||
r-oldrel-windows-x86_64 | 1.0.1 | 35.00 | 190.00 | 225.00 | NOTE |
Version: 1.0.1
Check: CRAN incoming feasibility
Result: NOTE
Maintainer: ‘Theodor Adrian Balan <hello@tbalan.com>’
No Authors@R field in DESCRIPTION.
Please add one, modifying
Authors@R: c(person(given = c("Theodor", "Adrian"),
family = "Balan",
role = c("aut", "cre"),
email = "hello@tbalan.com"),
person(given = "Hein",
family = "Putter",
role = "aut"))
as necessary.
Flavors: r-devel-linux-x86_64-debian-clang, r-devel-linux-x86_64-debian-gcc
Version: 1.0.1
Check: Rd files
Result: NOTE
checkRd: (-1) emfrail_control.Rd:49: Lost braces in \itemize; meant \describe ?
checkRd: (-1) emfrail_control.Rd:50: Lost braces in \itemize; meant \describe ?
checkRd: (-1) emfrail_control.Rd:51: Lost braces in \itemize; meant \describe ?
checkRd: (-1) emfrail_control.Rd:52: Lost braces in \itemize; meant \describe ?
checkRd: (-1) emfrail_control.Rd:53-54: Lost braces in \itemize; meant \describe ?
checkRd: (-1) emfrail_control.Rd:55-57: Lost braces in \itemize; meant \describe ?
Flavors: r-devel-linux-x86_64-debian-clang, r-devel-linux-x86_64-debian-gcc, r-devel-linux-x86_64-fedora-clang, r-devel-linux-x86_64-fedora-gcc, r-devel-windows-x86_64, r-patched-linux-x86_64, r-release-linux-x86_64, r-release-macos-arm64, r-release-macos-x86_64, r-release-windows-x86_64, r-oldrel-macos-arm64, r-oldrel-macos-x86_64, r-oldrel-windows-x86_64
Version: 1.0.1
Check: LazyData
Result: NOTE
'LazyData' is specified without a 'data' directory
Flavors: r-oldrel-macos-arm64, r-oldrel-macos-x86_64, r-oldrel-windows-x86_64