Last updated on 2025-02-16 09:50:39 CET.
Flavor | Version | Tinstall | Tcheck | Ttotal | Status | Flags |
---|---|---|---|---|---|---|
r-devel-linux-x86_64-debian-clang | 0.5.2 | 2.70 | 44.22 | 46.92 | NOTE | |
r-devel-linux-x86_64-debian-gcc | 0.5.2 | 1.95 | 34.72 | 36.67 | NOTE | |
r-devel-linux-x86_64-fedora-clang | 0.5.2 | 74.62 | NOTE | |||
r-devel-linux-x86_64-fedora-gcc | 0.5.2 | 87.54 | NOTE | |||
r-devel-macos-arm64 | 0.5.2 | 34.00 | OK | |||
r-devel-macos-x86_64 | 0.5.2 | 60.00 | NOTE | |||
r-devel-windows-x86_64 | 0.5.2 | 5.00 | 64.00 | 69.00 | NOTE | |
r-patched-linux-x86_64 | 0.5.2 | 2.36 | 41.36 | 43.72 | OK | |
r-release-linux-x86_64 | 0.5.2 | 2.56 | 41.68 | 44.24 | OK | |
r-release-macos-arm64 | 0.5.2 | 36.00 | OK | |||
r-release-macos-x86_64 | 0.5.2 | 52.00 | OK | |||
r-release-windows-x86_64 | 0.5.2 | 5.00 | 78.00 | 83.00 | OK | |
r-oldrel-macos-arm64 | 0.5.2 | 36.00 | OK | |||
r-oldrel-macos-x86_64 | 0.5.2 | 52.00 | OK | |||
r-oldrel-windows-x86_64 | 0.5.2 | 5.00 | 71.00 | 76.00 | OK |
Version: 0.5.2
Check: DESCRIPTION meta-information
Result: NOTE
Missing dependency on R >= 4.1.0 because package code uses the pipe
|> or function shorthand \(...) syntax added in R 4.1.0.
File(s) using such syntax:
‘fr_schema.R’ ‘fr_tdr.R’ ‘read_fr_tdr.R’ ‘update_field.R’
Flavors: r-devel-linux-x86_64-debian-clang, r-devel-linux-x86_64-debian-gcc, r-devel-linux-x86_64-fedora-clang, r-devel-linux-x86_64-fedora-gcc, r-devel-macos-x86_64, r-devel-windows-x86_64