CRAN Package Check Results for Package fmpcloudr

Last updated on 2025-07-12 09:49:18 CEST.

Flavor Version Tinstall Tcheck Ttotal Status Flags
r-devel-linux-x86_64-debian-clang 0.1.5 2.64 28.46 31.10 OK
r-devel-linux-x86_64-debian-gcc 0.1.5 2.14 21.55 23.69 OK
r-devel-linux-x86_64-fedora-clang 0.1.5 45.08 OK
r-devel-linux-x86_64-fedora-gcc 0.1.5 44.67 OK
r-devel-windows-x86_64 0.1.5 5.00 54.00 59.00 OK
r-patched-linux-x86_64 0.1.5 3.26 25.44 28.70 OK
r-release-linux-x86_64 0.1.5 2.66 25.22 27.88 OK
r-release-macos-arm64 0.1.5 19.00 OK
r-release-macos-x86_64 0.1.5 30.00 OK
r-release-windows-x86_64 0.1.5 5.00 56.00 61.00 OK
r-oldrel-macos-arm64 0.1.5 20.00 NOTE
r-oldrel-macos-x86_64 0.1.5 38.00 NOTE
r-oldrel-windows-x86_64 0.1.5 6.00 60.00 66.00 NOTE

Check Details

Version: 0.1.5
Check: LazyData
Result: NOTE 'LazyData' is specified without a 'data' directory Flavors: r-oldrel-macos-arm64, r-oldrel-macos-x86_64, r-oldrel-windows-x86_64