Last updated on 2025-07-12 09:49:18 CEST.
Flavor | Version | Tinstall | Tcheck | Ttotal | Status | Flags |
---|---|---|---|---|---|---|
r-devel-linux-x86_64-debian-clang | 0.2.0 | 5.66 | 83.76 | 89.42 | NOTE | |
r-devel-linux-x86_64-debian-gcc | 0.2.0 | 3.70 | 59.70 | 63.40 | NOTE | |
r-devel-linux-x86_64-fedora-clang | 0.2.0 | 136.80 | NOTE | |||
r-devel-linux-x86_64-fedora-gcc | 0.2.0 | 150.47 | NOTE | |||
r-devel-windows-x86_64 | 0.2.0 | 8.00 | 109.00 | 117.00 | NOTE | |
r-patched-linux-x86_64 | 0.2.0 | 5.80 | 76.84 | 82.64 | NOTE | |
r-release-linux-x86_64 | 0.2.0 | 4.75 | 77.37 | 82.12 | NOTE | |
r-release-macos-arm64 | 0.2.0 | 55.00 | NOTE | |||
r-release-macos-x86_64 | 0.2.0 | 98.00 | NOTE | |||
r-release-windows-x86_64 | 0.2.0 | 8.00 | 106.00 | 114.00 | NOTE | |
r-oldrel-macos-arm64 | 0.2.0 | 52.00 | NOTE | |||
r-oldrel-macos-x86_64 | 0.2.0 | 141.00 | NOTE | |||
r-oldrel-windows-x86_64 | 0.2.0 | 11.00 | 128.00 | 139.00 | NOTE |
Version: 0.2.0
Check: Rd files
Result: NOTE
checkRd: (-1) flow_embed.Rd:30: Lost braces; missing escapes or markup?
30 | \item Don't forget to add {flow} to Suggests in your DESCRIPTION file.
| ^
Flavors: r-devel-linux-x86_64-debian-clang, r-devel-linux-x86_64-debian-gcc, r-devel-linux-x86_64-fedora-clang, r-devel-linux-x86_64-fedora-gcc, r-devel-windows-x86_64, r-patched-linux-x86_64, r-release-linux-x86_64, r-release-macos-arm64, r-release-macos-x86_64, r-release-windows-x86_64, r-oldrel-macos-arm64, r-oldrel-macos-x86_64, r-oldrel-windows-x86_64