Last updated on 2025-02-24 09:50:47 CET.
Flavor | Version | Tinstall | Tcheck | Ttotal | Status | Flags |
---|---|---|---|---|---|---|
r-devel-linux-x86_64-debian-clang | 1.0.6 | 50.50 | 382.73 | 433.23 | OK | |
r-devel-linux-x86_64-debian-gcc | 1.0.6 | 38.82 | 263.03 | 301.85 | OK | |
r-devel-linux-x86_64-fedora-clang | 1.0.6 | 688.13 | OK | |||
r-devel-linux-x86_64-fedora-gcc | 1.0.6 | 720.19 | OK | |||
r-devel-macos-arm64 | 1.0.6 | 143.00 | OK | |||
r-devel-macos-x86_64 | 1.0.6 | 310.00 | OK | |||
r-devel-windows-x86_64 | 1.0.6 | 40.00 | 290.00 | 330.00 | OK | |
r-patched-linux-x86_64 | 1.0.6 | 49.83 | 361.36 | 411.19 | OK | |
r-release-linux-x86_64 | 1.0.6 | 48.12 | 359.61 | 407.73 | OK | |
r-release-macos-arm64 | 1.0.6 | 145.00 | NOTE | |||
r-release-macos-x86_64 | 1.0.6 | 230.00 | NOTE | |||
r-release-windows-x86_64 | 1.0.6 | 41.00 | 288.00 | 329.00 | NOTE | |
r-oldrel-macos-arm64 | 1.0.6 | 148.00 | NOTE | |||
r-oldrel-macos-x86_64 | 1.0.6 | 412.00 | NOTE | |||
r-oldrel-windows-x86_64 | 1.0.6 | 56.00 | 385.00 | 441.00 | NOTE |
Version: 1.0.6
Check: installed package size
Result: NOTE
installed size is 5.7Mb
sub-directories of 1Mb or more:
doc 4.0Mb
Flavors: r-release-macos-arm64, r-release-macos-x86_64, r-release-windows-x86_64, r-oldrel-macos-arm64, r-oldrel-macos-x86_64, r-oldrel-windows-x86_64