CRAN Package Check Results for Package fishMod

Last updated on 2025-05-09 09:51:41 CEST.

Flavor Version Tinstall Tcheck Ttotal Status Flags
r-devel-linux-x86_64-debian-clang 0.29.2 4.80 22.53 27.33 OK
r-devel-linux-x86_64-debian-gcc 0.29.2 3.70 17.40 21.10 OK
r-devel-linux-x86_64-fedora-clang 0.29.2 49.76 NOTE
r-devel-linux-x86_64-fedora-gcc 0.29.2 42.76 NOTE
r-devel-windows-x86_64 0.29.2 7.00 52.00 59.00 OK
r-patched-linux-x86_64 0.29.2 5.10 21.54 26.64 OK
r-release-linux-x86_64 0.29.2 4.54 21.44 25.98 OK
r-release-macos-arm64 0.29.2 19.00 OK
r-release-macos-x86_64 0.29.2 44.00 OK
r-release-windows-x86_64 0.29.2 7.00 55.00 62.00 OK
r-oldrel-macos-arm64 0.29.2 23.00 OK
r-oldrel-macos-x86_64 0.29.2 34.00 OK
r-oldrel-windows-x86_64 0.29.2 11.00 51.00 62.00 OK

Check Details

Version: 0.29.2
Check: compiled code
Result: NOTE File ‘fishMod/libs/fishMod.so’: Found no calls to: ‘R_registerRoutines’, ‘R_useDynamicSymbols’ It is good practice to register native routines and to disable symbol search. See ‘Writing portable packages’ in the ‘Writing R Extensions’ manual. Flavors: r-devel-linux-x86_64-fedora-clang, r-devel-linux-x86_64-fedora-gcc