CRAN Package Check Results for Package findR

Last updated on 2025-04-15 09:52:20 CEST.

Flavor Version Tinstall Tcheck Ttotal Status Flags
r-devel-linux-x86_64-debian-clang 0.2.1 2.27 18.63 20.90 OK
r-devel-linux-x86_64-debian-gcc 0.2.1 1.64 15.42 17.06 OK
r-devel-linux-x86_64-fedora-clang 0.2.1 33.26 OK
r-devel-linux-x86_64-fedora-gcc 0.2.1 31.61 OK
r-devel-windows-x86_64 0.2.1 3.00 40.00 43.00 OK
r-patched-linux-x86_64 0.2.1 2.10 18.31 20.41 OK
r-release-linux-x86_64 0.2.1 2.03 18.36 20.39 OK
r-release-macos-arm64 0.2.1 16.00 OK
r-release-macos-x86_64 0.2.1 26.00 OK
r-release-windows-x86_64 0.2.1 4.00 40.00 44.00 OK
r-oldrel-macos-arm64 0.2.1 14.00 NOTE
r-oldrel-macos-x86_64 0.2.1 21.00 NOTE
r-oldrel-windows-x86_64 0.2.1 4.00 48.00 52.00 NOTE

Check Details

Version: 0.2.1
Check: LazyData
Result: NOTE 'LazyData' is specified without a 'data' directory Flavors: r-oldrel-macos-arm64, r-oldrel-macos-x86_64, r-oldrel-windows-x86_64