Last updated on 2025-02-16 09:50:38 CET.
Flavor | Version | Tinstall | Tcheck | Ttotal | Status | Flags |
---|---|---|---|---|---|---|
r-devel-linux-x86_64-debian-clang | 2015.12-1 | 1.76 | 17.63 | 19.39 | NOTE | |
r-devel-linux-x86_64-debian-gcc | 2015.12-1 | 1.59 | 14.60 | 16.19 | NOTE | |
r-devel-linux-x86_64-fedora-clang | 2015.12-1 | 31.55 | OK | |||
r-devel-linux-x86_64-fedora-gcc | 2015.12-1 | 31.20 | OK | |||
r-devel-macos-arm64 | 2015.12-1 | 12.00 | OK | |||
r-devel-macos-x86_64 | 2015.12-1 | 23.00 | OK | |||
r-devel-windows-x86_64 | 2015.12-1 | 2.00 | 42.00 | 44.00 | NOTE | |
r-patched-linux-x86_64 | 2015.12-1 | 2.32 | 17.06 | 19.38 | OK | |
r-release-linux-x86_64 | 2015.12-1 | 1.69 | 17.11 | 18.80 | OK | |
r-release-macos-arm64 | 2015.12-1 | 15.00 | OK | |||
r-release-macos-x86_64 | 2015.12-1 | 21.00 | OK | |||
r-release-windows-x86_64 | 2015.12-1 | 3.00 | 41.00 | 44.00 | OK | |
r-oldrel-macos-arm64 | 2015.12-1 | 16.00 | OK | |||
r-oldrel-macos-x86_64 | 2015.12-1 | 20.00 | OK | |||
r-oldrel-windows-x86_64 | 2015.12-1 | 3.00 | 39.00 | 42.00 | OK |
Version: 2015.12-1
Check: Rd cross-references
Result: NOTE
Found the following Rd file(s) with Rd \link{} targets missing package
anchors:
features.Rd: glkerns
Please provide package anchors for all Rd \link{} targets not in the
package itself and the base packages.
Flavors: r-devel-linux-x86_64-debian-clang, r-devel-linux-x86_64-debian-gcc, r-devel-windows-x86_64