Last updated on 2025-04-14 09:49:53 CEST.
Flavor | Version | Tinstall | Tcheck | Ttotal | Status | Flags |
---|---|---|---|---|---|---|
r-devel-linux-x86_64-debian-clang | 0.2.1 | 7.59 | 41.68 | 49.27 | NOTE | |
r-devel-linux-x86_64-debian-gcc | 0.2.1 | 5.33 | 31.51 | 36.84 | NOTE | |
r-devel-linux-x86_64-fedora-gcc | 0.2.1 | 91.93 | NOTE | |||
r-devel-windows-x86_64 | 0.2.1 | 12.00 | 70.00 | 82.00 | NOTE | |
r-patched-linux-x86_64 | 0.2.1 | 7.69 | 40.69 | 48.38 | NOTE | |
r-release-linux-x86_64 | 0.2.1 | 7.03 | 40.38 | 47.41 | NOTE | |
r-release-macos-arm64 | 0.2.1 | 34.00 | NOTE | |||
r-release-macos-x86_64 | 0.2.1 | 73.00 | NOTE | |||
r-release-windows-x86_64 | 0.2.1 | 12.00 | 80.00 | 92.00 | NOTE | |
r-oldrel-macos-arm64 | 0.2.1 | 32.00 | NOTE | |||
r-oldrel-macos-x86_64 | 0.2.1 | 59.00 | NOTE | |||
r-oldrel-windows-x86_64 | 0.2.1 | 12.00 | 80.00 | 92.00 | NOTE |
Version: 0.2.1
Check: Rd files
Result: NOTE
checkRd: (-1) simulation_model9.Rd:47: Lost braces; missing escapes or markup?
47 | \item{ci}{A vector of 2 values containing $c_{1i}$ and $c_{2i}$ in the contamination
| ^
checkRd: (-1) simulation_model9.Rd:47: Lost braces; missing escapes or markup?
47 | \item{ci}{A vector of 2 values containing $c_{1i}$ and $c_{2i}$ in the contamination
| ^
Flavors: r-devel-linux-x86_64-debian-clang, r-devel-linux-x86_64-debian-gcc, r-devel-linux-x86_64-fedora-gcc, r-devel-windows-x86_64, r-patched-linux-x86_64, r-release-linux-x86_64, r-release-macos-arm64, r-release-macos-x86_64, r-release-windows-x86_64, r-oldrel-macos-arm64, r-oldrel-macos-x86_64, r-oldrel-windows-x86_64