Last updated on 2025-02-16 09:50:38 CET.
Flavor | Version | Tinstall | Tcheck | Ttotal | Status | Flags |
---|---|---|---|---|---|---|
r-devel-linux-x86_64-debian-clang | 0.1.3 | 4.78 | 49.84 | 54.62 | OK | |
r-devel-linux-x86_64-debian-gcc | 0.1.3 | 3.76 | 36.37 | 40.13 | OK | |
r-devel-linux-x86_64-fedora-clang | 0.1.3 | 86.37 | OK | |||
r-devel-linux-x86_64-fedora-gcc | 0.1.3 | 99.97 | OK | |||
r-devel-macos-arm64 | 0.1.3 | 35.00 | OK | |||
r-devel-macos-x86_64 | 0.1.3 | 95.00 | OK | |||
r-devel-windows-x86_64 | 0.1.3 | 6.00 | 67.00 | 73.00 | OK | |
r-patched-linux-x86_64 | 0.1.3 | 4.60 | 45.76 | 50.36 | NOTE | |
r-release-linux-x86_64 | 0.1.3 | 4.41 | 45.68 | 50.09 | NOTE | |
r-release-macos-arm64 | 0.1.3 | 32.00 | NOTE | |||
r-release-macos-x86_64 | 0.1.3 | 70.00 | NOTE | |||
r-release-windows-x86_64 | 0.1.3 | 7.00 | 64.00 | 71.00 | NOTE | |
r-oldrel-macos-arm64 | 0.1.3 | 32.00 | NOTE | |||
r-oldrel-macos-x86_64 | 0.1.3 | 50.00 | NOTE | |||
r-oldrel-windows-x86_64 | 0.1.3 | 8.00 | 67.00 | 75.00 | NOTE |
Version: 0.1.3
Check: LazyData
Result: NOTE
'LazyData' is specified without a 'data' directory
Flavors: r-patched-linux-x86_64, r-release-linux-x86_64, r-release-macos-arm64, r-release-macos-x86_64, r-release-windows-x86_64, r-oldrel-macos-arm64, r-oldrel-macos-x86_64, r-oldrel-windows-x86_64