Last updated on 2025-02-16 09:50:38 CET.
Flavor | Version | Tinstall | Tcheck | Ttotal | Status | Flags |
---|---|---|---|---|---|---|
r-devel-linux-x86_64-debian-clang | 1.2.5 | 10.65 | 78.21 | 88.86 | NOTE | |
r-devel-linux-x86_64-debian-gcc | 1.2.5 | 7.69 | 57.73 | 65.42 | NOTE | |
r-devel-linux-x86_64-fedora-clang | 1.2.5 | 143.11 | OK | |||
r-devel-linux-x86_64-fedora-gcc | 1.2.5 | 140.21 | OK | |||
r-devel-macos-arm64 | 1.2.5 | 42.00 | OK | |||
r-devel-macos-x86_64 | 1.2.5 | 77.00 | OK | |||
r-devel-windows-x86_64 | 1.2.5 | 11.00 | 87.00 | 98.00 | NOTE | |
r-patched-linux-x86_64 | 1.2.5 | 10.69 | 74.46 | 85.15 | OK | |
r-release-linux-x86_64 | 1.2.5 | 9.54 | 72.95 | 82.49 | OK | |
r-release-macos-arm64 | 1.2.5 | 43.00 | OK | |||
r-release-macos-x86_64 | 1.2.5 | 66.00 | OK | |||
r-release-windows-x86_64 | 1.2.5 | 11.00 | 89.00 | 100.00 | OK | |
r-oldrel-macos-arm64 | 1.2.5 | 49.00 | OK | |||
r-oldrel-macos-x86_64 | 1.2.5 | 83.00 | OK | |||
r-oldrel-windows-x86_64 | 1.2.5 | 14.00 | 103.00 | 117.00 | OK |
Version: 1.2.5
Check: Rd cross-references
Result: NOTE
Found the following Rd file(s) with Rd \link{} targets missing package
anchors:
fat2Lpoly.Rd: kinship
fat2Lpoly.withinR.Rd: kinship
Please provide package anchors for all Rd \link{} targets not in the
package itself and the base packages.
Flavors: r-devel-linux-x86_64-debian-clang, r-devel-linux-x86_64-debian-gcc, r-devel-windows-x86_64