Last updated on 2025-02-16 09:50:38 CET.
Flavor | Version | Tinstall | Tcheck | Ttotal | Status | Flags |
---|---|---|---|---|---|---|
r-devel-linux-x86_64-debian-clang | 1.1-6 | 2.99 | 29.17 | 32.16 | NOTE | |
r-devel-linux-x86_64-debian-gcc | 1.1-6 | 2.51 | 23.62 | 26.13 | NOTE | |
r-devel-linux-x86_64-fedora-clang | 1.1-6 | 52.23 | NOTE | |||
r-devel-linux-x86_64-fedora-gcc | 1.1-6 | 54.16 | NOTE | |||
r-devel-macos-arm64 | 1.1-6 | 23.00 | NOTE | |||
r-devel-macos-x86_64 | 1.1-6 | 55.00 | NOTE | |||
r-devel-windows-x86_64 | 1.1-6 | 7.00 | 61.00 | 68.00 | NOTE | |
r-patched-linux-x86_64 | 1.1-6 | 2.86 | 28.44 | 31.30 | OK | |
r-release-linux-x86_64 | 1.1-6 | 2.80 | 29.25 | 32.05 | OK | |
r-release-macos-arm64 | 1.1-6 | 26.00 | OK | |||
r-release-macos-x86_64 | 1.1-6 | 55.00 | OK | |||
r-release-windows-x86_64 | 1.1-6 | 8.00 | 54.00 | 62.00 | OK | |
r-oldrel-macos-arm64 | 1.1-6 | 26.00 | OK | |||
r-oldrel-macos-x86_64 | 1.1-6 | 55.00 | OK | |||
r-oldrel-windows-x86_64 | 1.1-6 | 9.00 | 63.00 | 72.00 | OK |
Version: 1.1-6
Check: compiled code
Result: NOTE
File ‘fastmatch/libs/fastmatch.so’:
Found non-API calls to R: ‘NAMED’, ‘SETLENGTH’, ‘SET_NAMED’,
‘STRING_PTR’, ‘VECTOR_PTR’
Compiled code should not call non-API entry points in R.
See ‘Writing portable packages’ in the ‘Writing R Extensions’ manual,
and section ‘Moving into C API compliance’ for issues with the use of
non-API entry points.
Flavors: r-devel-linux-x86_64-debian-clang, r-devel-linux-x86_64-debian-gcc, r-devel-linux-x86_64-fedora-clang, r-devel-linux-x86_64-fedora-gcc, r-devel-macos-arm64, r-devel-macos-x86_64
Version: 1.1-6
Check: compiled code
Result: NOTE
File 'fastmatch/libs/x64/fastmatch.dll':
Found non-API calls to R: 'NAMED', 'SETLENGTH', 'SET_NAMED',
'STRING_PTR', 'VECTOR_PTR'
Compiled code should not call non-API entry points in R.
See 'Writing portable packages' in the 'Writing R Extensions' manual,
and section 'Moving into C API compliance' for issues with the use of
non-API entry points.
Flavor: r-devel-windows-x86_64