Last updated on 2025-04-15 09:52:20 CEST.
Flavor | Version | Tinstall | Tcheck | Ttotal | Status | Flags |
---|---|---|---|---|---|---|
r-devel-linux-x86_64-debian-clang | 1.0 | 107.11 | 30.34 | 137.45 | OK | |
r-devel-linux-x86_64-debian-gcc | 1.0 | 71.86 | 23.20 | 95.06 | OK | |
r-devel-linux-x86_64-fedora-clang | 1.0 | 266.14 | OK | |||
r-devel-linux-x86_64-fedora-gcc | 1.0 | 253.95 | OK | |||
r-devel-windows-x86_64 | 1.0 | 113.00 | 76.00 | 189.00 | OK | |
r-patched-linux-x86_64 | 1.0 | 98.39 | 29.24 | 127.63 | OK | |
r-release-linux-x86_64 | 1.0 | 98.49 | 29.40 | 127.89 | OK | |
r-release-macos-arm64 | 1.0 | 56.00 | OK | |||
r-release-macos-x86_64 | 1.0 | 65.00 | OK | |||
r-release-windows-x86_64 | 1.0 | 117.00 | 76.00 | 193.00 | OK | |
r-oldrel-macos-arm64 | 1.0 | 56.00 | NOTE | |||
r-oldrel-macos-x86_64 | 1.0 | 59.00 | NOTE | |||
r-oldrel-windows-x86_64 | 1.0 | 134.00 | 85.00 | 219.00 | OK |
Version: 1.0
Check: installed package size
Result: NOTE
installed size is 5.7Mb
sub-directories of 1Mb or more:
libs 5.6Mb
Flavors: r-oldrel-macos-arm64, r-oldrel-macos-x86_64