CRAN Package Check Results for Package farrell

Last updated on 2025-04-15 09:52:20 CEST.

Flavor Version Tinstall Tcheck Ttotal Status Flags
r-devel-linux-x86_64-debian-clang 0.2.1 1.61 21.94 23.55 OK
r-devel-linux-x86_64-debian-gcc 0.2.1 1.68 18.01 19.69 OK
r-devel-linux-x86_64-fedora-clang 0.2.1 40.06 NOTE
r-devel-linux-x86_64-fedora-gcc 0.2.1 55.14 NOTE
r-devel-windows-x86_64 0.2.1 4.00 48.00 52.00 OK
r-patched-linux-x86_64 0.2.1 2.27 21.80 24.07 OK
r-release-linux-x86_64 0.2.1 1.68 21.65 23.33 OK
r-release-macos-arm64 0.2.1 23.00 OK
r-release-macos-x86_64 0.2.1 40.00 OK
r-release-windows-x86_64 0.2.1 5.00 43.00 48.00 OK
r-oldrel-macos-arm64 0.2.1 23.00 NOTE
r-oldrel-macos-x86_64 0.2.1 39.00 NOTE
r-oldrel-windows-x86_64 0.2.1 4.00 47.00 51.00 NOTE

Check Details

Version: 0.2.1
Check: dependencies in R code
Result: NOTE Namespace in Imports field not imported from: ‘rlang’ All declared Imports should be used. Flavors: r-devel-linux-x86_64-fedora-clang, r-devel-linux-x86_64-fedora-gcc

Version: 0.2.1
Check: LazyData
Result: NOTE 'LazyData' is specified without a 'data' directory Flavors: r-oldrel-macos-arm64, r-oldrel-macos-x86_64, r-oldrel-windows-x86_64