Last updated on 2025-02-16 09:50:38 CET.
Flavor | Version | Tinstall | Tcheck | Ttotal | Status | Flags |
---|---|---|---|---|---|---|
r-devel-linux-x86_64-debian-clang | 0.9-1 | 47.24 | 69.54 | 116.78 | OK | |
r-devel-linux-x86_64-debian-gcc | 0.9-1 | 37.12 | 54.05 | 91.17 | OK | |
r-devel-linux-x86_64-fedora-clang | 0.9-1 | 213.68 | OK | |||
r-devel-linux-x86_64-fedora-gcc | 0.9-1 | 223.61 | OK | |||
r-devel-macos-arm64 | 0.9-1 | 66.00 | OK | |||
r-devel-macos-x86_64 | 0.9-1 | 125.00 | OK | |||
r-devel-windows-x86_64 | 0.9-1 | 49.00 | 113.00 | 162.00 | OK | |
r-patched-linux-x86_64 | 0.9-1 | 49.64 | 68.40 | 118.04 | OK | |
r-release-linux-x86_64 | 0.9-1 | 47.51 | 67.99 | 115.50 | OK | |
r-release-macos-arm64 | 0.9-1 | 62.00 | NOTE | |||
r-release-macos-x86_64 | 0.9-1 | 145.00 | NOTE | |||
r-release-windows-x86_64 | 0.9-1 | 48.00 | 108.00 | 156.00 | OK | |
r-oldrel-macos-arm64 | 0.9-1 | 68.00 | NOTE | |||
r-oldrel-macos-x86_64 | 0.9-1 | 192.00 | NOTE | |||
r-oldrel-windows-x86_64 | 0.9-1 | 63.00 | 126.00 | 189.00 | OK |
Version: 0.9-1
Check: installed package size
Result: NOTE
installed size is 11.8Mb
sub-directories of 1Mb or more:
libs 11.5Mb
Flavors: r-release-macos-arm64, r-release-macos-x86_64, r-oldrel-macos-arm64, r-oldrel-macos-x86_64