Last updated on 2025-02-16 09:50:38 CET.
Flavor | Version | Tinstall | Tcheck | Ttotal | Status | Flags |
---|---|---|---|---|---|---|
r-devel-linux-x86_64-debian-clang | 1.4-4 | 4.19 | 38.49 | 42.68 | NOTE | |
r-devel-linux-x86_64-debian-gcc | 1.4-4 | 3.01 | 29.95 | 32.96 | NOTE | |
r-devel-linux-x86_64-fedora-clang | 1.4-4 | 72.95 | OK | |||
r-devel-linux-x86_64-fedora-gcc | 1.4-4 | 80.27 | OK | |||
r-devel-macos-arm64 | 1.4-4 | 31.00 | OK | |||
r-devel-macos-x86_64 | 1.4-4 | 64.00 | OK | |||
r-devel-windows-x86_64 | 1.4-4 | 6.00 | 66.00 | 72.00 | NOTE | |
r-patched-linux-x86_64 | 1.4-4 | 8.02 | 36.54 | 44.56 | OK | |
r-release-linux-x86_64 | 1.4-4 | 3.97 | 37.12 | 41.09 | OK | |
r-release-macos-arm64 | 1.4-4 | 31.00 | OK | |||
r-release-macos-x86_64 | 1.4-4 | 49.00 | OK | |||
r-release-windows-x86_64 | 1.4-4 | 6.00 | 74.00 | 80.00 | OK | |
r-oldrel-macos-arm64 | 1.4-4 | 31.00 | OK | |||
r-oldrel-macos-x86_64 | 1.4-4 | 65.00 | OK | |||
r-oldrel-windows-x86_64 | 1.4-4 | 6.00 | 90.00 | 96.00 | OK |
Version: 1.4-4
Check: Rd cross-references
Result: NOTE
Found the following Rd file(s) with Rd \link{} targets missing package
anchors:
powerBinom.Rd: uniroot.integer
Please provide package anchors for all Rd \link{} targets not in the
package itself and the base packages.
Flavors: r-devel-linux-x86_64-debian-clang, r-devel-linux-x86_64-debian-gcc, r-devel-windows-x86_64