Last updated on 2025-02-16 09:50:38 CET.
Flavor | Version | Tinstall | Tcheck | Ttotal | Status | Flags |
---|---|---|---|---|---|---|
r-devel-linux-x86_64-debian-clang | 0.0.1 | 4.21 | 38.24 | 42.45 | NOTE | |
r-devel-linux-x86_64-debian-gcc | 0.0.1 | 3.32 | 27.61 | 30.93 | NOTE | |
r-devel-linux-x86_64-fedora-clang | 0.0.1 | 71.26 | OK | |||
r-devel-linux-x86_64-fedora-gcc | 0.0.1 | 65.32 | OK | |||
r-devel-macos-arm64 | 0.0.1 | 23.00 | OK | |||
r-devel-macos-x86_64 | 0.0.1 | 42.00 | OK | |||
r-devel-windows-x86_64 | 0.0.1 | 6.00 | 68.00 | 74.00 | NOTE | |
r-patched-linux-x86_64 | 0.0.1 | 6.59 | 36.69 | 43.28 | OK | |
r-release-linux-x86_64 | 0.0.1 | 4.84 | 36.54 | 41.38 | OK | |
r-release-macos-arm64 | 0.0.1 | 23.00 | OK | |||
r-release-macos-x86_64 | 0.0.1 | 50.00 | OK | |||
r-release-windows-x86_64 | 0.0.1 | 5.00 | 69.00 | 74.00 | OK | |
r-oldrel-macos-arm64 | 0.0.1 | 24.00 | OK | |||
r-oldrel-macos-x86_64 | 0.0.1 | 36.00 | OK | |||
r-oldrel-windows-x86_64 | 0.0.1 | 8.00 | 96.00 | 104.00 | OK |
Version: 0.0.1
Check: Rd cross-references
Result: NOTE
Found the following Rd file(s) with Rd \link{} targets missing package
anchors:
W_sampler.Rd: R6Class
beta_sampler.Rd: R6Class
rho_sampler.Rd: R6Class
sigma_sampler.Rd: R6Class
Please provide package anchors for all Rd \link{} targets not in the
package itself and the base packages.
Flavors: r-devel-linux-x86_64-debian-clang, r-devel-linux-x86_64-debian-gcc, r-devel-windows-x86_64