CRAN Package Check Results for Package equivalenceTest

Last updated on 2025-02-06 09:52:28 CET.

Flavor Version Tinstall Tcheck Ttotal Status Flags
r-devel-linux-x86_64-debian-clang 0.0.1.1 1.78 21.78 23.56 OK
r-devel-linux-x86_64-debian-gcc 0.0.1.1 1.72 17.20 18.92 OK
r-devel-linux-x86_64-fedora-clang 0.0.1.1 38.41 NOTE
r-devel-linux-x86_64-fedora-gcc 0.0.1.1 37.40 NOTE
r-devel-windows-x86_64 0.0.1.1 3.00 52.00 55.00 OK
r-patched-linux-x86_64 0.0.1.1 1.84 20.93 22.77 NOTE
r-release-linux-x86_64 0.0.1.1 2.04 20.78 22.82 NOTE
r-release-macos-arm64 0.0.1.1 16.00 NOTE
r-release-macos-x86_64 0.0.1.1 31.00 NOTE
r-release-windows-x86_64 0.0.1.1 3.00 44.00 47.00 NOTE
r-oldrel-macos-arm64 0.0.1.1 20.00 NOTE
r-oldrel-macos-x86_64 0.0.1.1 22.00 NOTE
r-oldrel-windows-x86_64 0.0.1.1 4.00 46.00 50.00 NOTE

Check Details

Version: 0.0.1.1
Check: dependencies in R code
Result: NOTE Namespaces in Imports field not imported from: ‘cubature’ ‘rootSolve’ All declared Imports should be used. Flavors: r-devel-linux-x86_64-fedora-clang, r-devel-linux-x86_64-fedora-gcc

Version: 0.0.1.1
Check: LazyData
Result: NOTE 'LazyData' is specified without a 'data' directory Flavors: r-patched-linux-x86_64, r-release-linux-x86_64, r-release-macos-arm64, r-release-macos-x86_64, r-release-windows-x86_64, r-oldrel-macos-arm64, r-oldrel-macos-x86_64, r-oldrel-windows-x86_64