Last updated on 2025-05-10 09:50:29 CEST.
Flavor | Version | Tinstall | Tcheck | Ttotal | Status | Flags |
---|---|---|---|---|---|---|
r-devel-linux-x86_64-debian-clang | 3.0 | 21.79 | 195.74 | 217.53 | NOTE | |
r-devel-linux-x86_64-debian-gcc | 3.0 | 12.72 | 120.68 | 133.40 | NOTE | |
r-devel-linux-x86_64-fedora-clang | 3.0 | 345.96 | OK | |||
r-devel-linux-x86_64-fedora-gcc | 3.0 | 360.41 | OK | |||
r-devel-windows-x86_64 | 3.0 | 21.00 | 153.00 | 174.00 | OK | |
r-patched-linux-x86_64 | 3.0 | 21.63 | 180.02 | 201.65 | OK | |
r-release-linux-x86_64 | 3.0 | 20.21 | 183.17 | 203.38 | OK | |
r-release-macos-arm64 | 3.0 | 74.00 | OK | |||
r-release-macos-x86_64 | 3.0 | 251.00 | OK | |||
r-release-windows-x86_64 | 3.0 | 20.00 | 152.00 | 172.00 | OK | |
r-oldrel-macos-arm64 | 3.0 | 67.00 | OK | |||
r-oldrel-macos-x86_64 | 3.0 | 111.00 | OK | |||
r-oldrel-windows-x86_64 | 3.0 | 30.00 | 206.00 | 236.00 | OK |
Version: 3.0
Check: CRAN incoming feasibility
Result: NOTE
Maintainer: ‘Pascal Title <pascal.title@stonybrook.edu>’
No Authors@R field in DESCRIPTION.
Please add one, modifying
Authors@R: c(person(given = c("Pascal", "O."),
family = "Title",
role = "aut"),
person(given = c("Jordan", "B."),
family = "Bemmels",
role = "aut"),
person(given = "Pascal",
family = "Title",
role = "cre",
email = "pascal.title@stonybrook.edu"))
as necessary.
Flavors: r-devel-linux-x86_64-debian-clang, r-devel-linux-x86_64-debian-gcc