Last updated on 2025-05-08 09:53:57 CEST.
Flavor | Version | Tinstall | Tcheck | Ttotal | Status | Flags |
---|---|---|---|---|---|---|
r-devel-linux-x86_64-debian-clang | 0.9.7 | 7.45 | 351.02 | 358.47 | NOTE | |
r-devel-linux-x86_64-debian-gcc | 0.9.7 | 4.35 | 193.64 | 197.99 | NOTE | |
r-devel-linux-x86_64-fedora-clang | 0.9.7 | 590.73 | OK | |||
r-devel-linux-x86_64-fedora-gcc | 0.9.7 | 632.95 | OK | |||
r-devel-windows-x86_64 | 0.9.7 | 9.00 | 288.00 | 297.00 | NOTE | |
r-patched-linux-x86_64 | 0.9.7 | 4.99 | 326.62 | 331.61 | NOTE | |
r-release-linux-x86_64 | 0.9.7 | 5.82 | 323.53 | 329.35 | NOTE | |
r-release-macos-arm64 | 0.9.7 | 133.00 | OK | |||
r-release-macos-x86_64 | 0.9.7 | 386.00 | OK | |||
r-release-windows-x86_64 | 0.9.7 | 8.00 | 288.00 | 296.00 | NOTE | |
r-oldrel-macos-arm64 | 0.9.7 | 123.00 | OK | |||
r-oldrel-macos-x86_64 | 0.9.7 | 342.00 | OK | |||
r-oldrel-windows-x86_64 | 0.9.7 | 10.00 | 383.00 | 393.00 | OK |
Version: 0.9.7
Check: Rd cross-references
Result: NOTE
Found the following Rd file(s) with Rd \link{} targets missing package
anchors:
hfit.Rd: maxLik
Please provide package anchors for all Rd \link{} targets not in the
package itself and the base packages.
Flavors: r-devel-linux-x86_64-debian-clang, r-devel-linux-x86_64-debian-gcc, r-devel-windows-x86_64, r-patched-linux-x86_64, r-release-linux-x86_64, r-release-windows-x86_64