Last updated on 2025-02-16 09:50:38 CET.
Flavor | Version | Tinstall | Tcheck | Ttotal | Status | Flags |
---|---|---|---|---|---|---|
r-devel-linux-x86_64-debian-clang | 0.1.2 | 11.54 | 90.16 | 101.70 | OK | |
r-devel-linux-x86_64-debian-gcc | 0.1.2 | 8.14 | 67.55 | 75.69 | OK | |
r-devel-linux-x86_64-fedora-clang | 0.1.2 | 193.28 | NOTE | |||
r-devel-linux-x86_64-fedora-gcc | 0.1.2 | 202.23 | NOTE | |||
r-devel-macos-arm64 | 0.1.2 | 56.00 | OK | |||
r-devel-macos-x86_64 | 0.1.2 | 132.00 | OK | |||
r-devel-windows-x86_64 | 0.1.2 | 14.00 | 154.00 | 168.00 | OK | |
r-patched-linux-x86_64 | 0.1.2 | 11.01 | 87.59 | 98.60 | OK | |
r-release-linux-x86_64 | 0.1.2 | 11.47 | 89.29 | 100.76 | OK | |
r-release-macos-arm64 | 0.1.2 | 64.00 | OK | |||
r-release-macos-x86_64 | 0.1.2 | 121.00 | OK | |||
r-release-windows-x86_64 | 0.1.2 | 13.00 | 152.00 | 165.00 | OK | |
r-oldrel-macos-arm64 | 0.1.2 | 71.00 | OK | |||
r-oldrel-macos-x86_64 | 0.1.2 | 177.00 | OK | |||
r-oldrel-windows-x86_64 | 0.1.2 | 14.00 | 165.00 | 179.00 | OK |
Version: 0.1.2
Check: dependencies in R code
Result: NOTE
Namespace in Imports field not imported from: ‘mathjaxr’
All declared Imports should be used.
Flavors: r-devel-linux-x86_64-fedora-clang, r-devel-linux-x86_64-fedora-gcc