Last updated on 2025-02-16 09:50:38 CET.
Flavor | Version | Tinstall | Tcheck | Ttotal | Status | Flags |
---|---|---|---|---|---|---|
r-devel-linux-x86_64-debian-clang | 0.2.4 | 102.71 | 26.38 | 129.09 | OK | |
r-devel-linux-x86_64-debian-gcc | 0.2.4 | 90.31 | 29.45 | 119.76 | OK | |
r-devel-linux-x86_64-fedora-clang | 0.2.4 | 216.30 | OK | |||
r-devel-linux-x86_64-fedora-gcc | 0.2.4 | 320.15 | OK | |||
r-devel-macos-arm64 | 0.2.4 | 70.00 | OK | |||
r-devel-macos-x86_64 | 0.2.4 | 126.00 | OK | |||
r-devel-windows-x86_64 | 0.2.4 | 100.00 | 77.00 | 177.00 | OK | |
r-patched-linux-x86_64 | 0.2.4 | 108.49 | 35.15 | 143.64 | OK | |
r-release-linux-x86_64 | 0.2.4 | 120.81 | 34.75 | 155.56 | OK | |
r-release-macos-arm64 | 0.2.4 | 83.00 | NOTE | |||
r-release-macos-x86_64 | 0.2.4 | 169.00 | NOTE | |||
r-release-windows-x86_64 | 0.2.4 | 100.00 | 78.00 | 178.00 | OK | |
r-oldrel-macos-arm64 | 0.2.4 | 78.00 | NOTE | |||
r-oldrel-macos-x86_64 | 0.2.4 | 257.00 | NOTE | |||
r-oldrel-windows-x86_64 | 0.2.4 | 131.00 | 111.00 | 242.00 | OK |
Version: 0.2.4
Check: installed package size
Result: NOTE
installed size is 50.5Mb
sub-directories of 1Mb or more:
libs 49.5Mb
Flavors: r-release-macos-arm64, r-release-macos-x86_64, r-oldrel-macos-arm64, r-oldrel-macos-x86_64